Last updated on 2025-10-31 13:50:55 CET.
| Flavor | Version | Tinstall | Tcheck | Ttotal | Status | Flags | 
|---|---|---|---|---|---|---|
| r-devel-linux-x86_64-debian-clang | 1.0.0 | 830.65 | 213.25 | 1043.90 | OK | |
| r-devel-linux-x86_64-debian-gcc | 1.0.0 | 702.57 | 192.40 | 894.97 | OK | |
| r-devel-linux-x86_64-fedora-clang | 1.0.0 | 1380.00 | 39.00 | 1419.00 | OK | |
| r-devel-linux-x86_64-fedora-gcc | 1.0.0 | 2040.00 | -54.54 | 1985.46 | OK | |
| r-devel-windows-x86_64 | 1.0.0 | 744.00 | 271.00 | 1015.00 | OK | |
| r-patched-linux-x86_64 | 1.0.0 | 883.69 | 259.71 | 1143.40 | OK | |
| r-release-linux-x86_64 | 1.0.0 | 851.80 | 260.88 | 1112.68 | OK | |
| r-release-macos-arm64 | 1.0.0 | 308.00 | 75.00 | 383.00 | OK | |
| r-release-macos-x86_64 | 1.0.0 | 383.00 | 140.00 | 523.00 | OK | |
| r-release-windows-x86_64 | 1.0.0 | 729.00 | 266.00 | 995.00 | OK | |
| r-oldrel-macos-arm64 | 1.0.0 | 153.00 | 51.00 | 204.00 | NOTE | |
| r-oldrel-macos-x86_64 | 1.0.0 | 121.00 | 86.00 | 207.00 | NOTE | |
| r-oldrel-windows-x86_64 | 1.0.0 | 866.00 | 358.00 | 1224.00 | NOTE | 
Version: 1.0.0
Check: installed package size
Result: NOTE
    installed size is 134.8Mb
    sub-directories of 1Mb or more:
      doc     1.2Mb
      libs  132.7Mb
Flavors: r-oldrel-macos-arm64, r-oldrel-macos-x86_64, r-oldrel-windows-x86_64
Version: 1.0.0
Check: for GNU extensions in Makefiles
Result: NOTE
  GNU make is a SystemRequirements.
Flavors: r-oldrel-macos-arm64, r-oldrel-macos-x86_64, r-oldrel-windows-x86_64