Last updated on 2025-10-31 13:50:55 CET.
| Flavor | Version | Tinstall | Tcheck | Ttotal | Status | Flags | 
|---|---|---|---|---|---|---|
| r-devel-linux-x86_64-debian-clang | 0.1.0 | 1.37 | 17.42 | 18.79 | NOTE | |
| r-devel-linux-x86_64-debian-gcc | 0.1.0 | 1.24 | 15.37 | 16.61 | NOTE | |
| r-devel-linux-x86_64-fedora-clang | 0.1.0 | 27.61 | OK | |||
| r-devel-linux-x86_64-fedora-gcc | 0.1.0 | 25.70 | OK | |||
| r-devel-windows-x86_64 | 0.1.0 | 2.00 | 32.00 | 34.00 | OK | |
| r-patched-linux-x86_64 | 0.1.0 | 1.18 | 16.29 | 17.47 | OK | |
| r-release-linux-x86_64 | 0.1.0 | 1.32 | 16.34 | 17.66 | OK | |
| r-release-macos-arm64 | 0.1.0 | 1.00 | 13.00 | 14.00 | OK | |
| r-release-macos-x86_64 | 0.1.0 | 2.00 | 19.00 | 21.00 | OK | |
| r-release-windows-x86_64 | 0.1.0 | 2.00 | 37.00 | 39.00 | OK | |
| r-oldrel-macos-arm64 | 0.1.0 | 1.00 | 12.00 | 13.00 | NOTE | |
| r-oldrel-macos-x86_64 | 0.1.0 | 1.00 | 17.00 | 18.00 | NOTE | |
| r-oldrel-windows-x86_64 | 0.1.0 | 2.00 | 34.00 | 36.00 | NOTE | 
Version: 0.1.0
Check: CRAN incoming feasibility
Result: NOTE
  Maintainer: ‘Steve Condylios <steve.condylios@gmail.com>’
  
  No Authors@R field in DESCRIPTION.
  Please add one, modifying
    Authors@R: person(given = "Steve",
                      family = "Condylios",
                      role = c("aut", "cre", "cph"),
                      email = "steve.condylios@gmail.com",
                      comment = c(ORCID = "0000-0003-0599-844X"))
  as necessary.
Flavors: r-devel-linux-x86_64-debian-clang, r-devel-linux-x86_64-debian-gcc
Version: 0.1.0
Check: LazyData
Result: NOTE
    'LazyData' is specified without a 'data' directory
Flavors: r-oldrel-macos-arm64, r-oldrel-macos-x86_64, r-oldrel-windows-x86_64