Last updated on 2025-11-27 13:48:42 CET.
| Flavor | Version | Tinstall | Tcheck | Ttotal | Status | Flags |
|---|---|---|---|---|---|---|
| r-devel-linux-x86_64-debian-clang | 0.1.3 | 1.87 | 24.39 | 26.26 | OK | |
| r-devel-linux-x86_64-debian-gcc | 0.1.3 | 1.50 | 20.03 | 21.53 | OK | |
| r-devel-linux-x86_64-fedora-clang | 0.1.3 | 36.43 | OK | |||
| r-devel-linux-x86_64-fedora-gcc | 0.1.3 | 35.04 | OK | |||
| r-devel-windows-x86_64 | 0.1.3 | 4.00 | 44.00 | 48.00 | OK | |
| r-patched-linux-x86_64 | 0.1.3 | 2.03 | 21.15 | 23.18 | OK | |
| r-release-linux-x86_64 | 0.1.3 | 1.90 | 21.33 | 23.23 | OK | |
| r-release-macos-arm64 | 0.1.3 | OK | ||||
| r-release-macos-x86_64 | 0.1.3 | 2.00 | 26.00 | 28.00 | OK | |
| r-release-windows-x86_64 | 0.1.3 | 4.00 | 42.00 | 46.00 | OK | |
| r-oldrel-macos-arm64 | 0.1.3 | NOTE | ||||
| r-oldrel-macos-x86_64 | 0.1.3 | 2.00 | 35.00 | 37.00 | NOTE | |
| r-oldrel-windows-x86_64 | 0.1.3 | 4.00 | 51.00 | 55.00 | NOTE |
Version: 0.1.3
Check: LazyData
Result: NOTE
'LazyData' is specified without a 'data' directory
Flavors: r-oldrel-macos-arm64, r-oldrel-macos-x86_64, r-oldrel-windows-x86_64