Last updated on 2025-10-31 13:50:55 CET.
| Flavor | Version | Tinstall | Tcheck | Ttotal | Status | Flags | 
|---|---|---|---|---|---|---|
| r-devel-linux-x86_64-debian-clang | 0.1.0 | 1.43 | 18.92 | 20.35 | NOTE | |
| r-devel-linux-x86_64-debian-gcc | 0.1.0 | 1.32 | 15.80 | 17.12 | NOTE | |
| r-devel-linux-x86_64-fedora-clang | 0.1.0 | 30.16 | OK | |||
| r-devel-linux-x86_64-fedora-gcc | 0.1.0 | 28.48 | OK | |||
| r-devel-windows-x86_64 | 0.1.0 | 2.00 | 37.00 | 39.00 | OK | |
| r-patched-linux-x86_64 | 0.1.0 | 1.50 | 17.81 | 19.31 | OK | |
| r-release-linux-x86_64 | 0.1.0 | 1.52 | 17.68 | 19.20 | OK | |
| r-release-macos-arm64 | 0.1.0 | 1.00 | 16.00 | 17.00 | OK | |
| r-release-macos-x86_64 | 0.1.0 | 2.00 | 21.00 | 23.00 | OK | |
| r-release-windows-x86_64 | 0.1.0 | 2.00 | 47.00 | 49.00 | OK | |
| r-oldrel-macos-arm64 | 0.1.0 | 1.00 | 13.00 | 14.00 | OK | |
| r-oldrel-macos-x86_64 | 0.1.0 | 1.00 | 18.00 | 19.00 | OK | |
| r-oldrel-windows-x86_64 | 0.1.0 | 2.00 | 38.00 | 40.00 | OK | 
Version: 0.1.0
Check: CRAN incoming feasibility
Result: NOTE
  Maintainer: ‘Yongbo Gan <yongbogan@whu.edu.cn>’
  
  No Authors@R field in DESCRIPTION.
  Please add one, modifying
    Authors@R: c(person(given = "Yongbo",
                        family = "Gan",
                        role = c("aut", "cre"),
                        email = "yongbogan@whu.edu.cn"),
                 person(given = "Zhijian",
                        family = "Yang",
                        role = "aut"),
                 person(given = "Wei",
                        family = "Mei",
                        role = "aut"))
  as necessary.
Flavors: r-devel-linux-x86_64-debian-clang, r-devel-linux-x86_64-debian-gcc