Last updated on 2025-10-31 13:50:55 CET.
| Flavor | Version | Tinstall | Tcheck | Ttotal | Status | Flags | 
|---|---|---|---|---|---|---|
| r-devel-linux-x86_64-debian-clang | 1.3.1 | 32.89 | 320.07 | 352.96 | NOTE | |
| r-devel-linux-x86_64-debian-gcc | 1.3.1 | 22.35 | 204.23 | 226.58 | NOTE | |
| r-devel-linux-x86_64-fedora-clang | 1.3.1 | 70.00 | 479.32 | 549.32 | OK | |
| r-devel-linux-x86_64-fedora-gcc | 1.3.1 | 69.00 | 480.01 | 549.01 | OK | |
| r-devel-windows-x86_64 | 1.3.1 | 31.00 | 256.00 | 287.00 | OK | |
| r-patched-linux-x86_64 | 1.3.1 | 31.07 | 299.45 | 330.52 | OK | |
| r-release-linux-x86_64 | 1.3.1 | 31.39 | 299.08 | 330.47 | OK | |
| r-release-macos-arm64 | 1.3.1 | 14.00 | 147.00 | 161.00 | OK | |
| r-release-macos-x86_64 | 1.3.1 | 27.00 | 234.00 | 261.00 | OK | |
| r-release-windows-x86_64 | 1.3.1 | 32.00 | 255.00 | 287.00 | OK | |
| r-oldrel-macos-arm64 | 1.3.1 | 11.00 | 105.00 | 116.00 | OK | |
| r-oldrel-macos-x86_64 | 1.3.1 | 21.00 | 198.00 | 219.00 | OK | |
| r-oldrel-windows-x86_64 | 1.3.1 | 45.00 | 366.00 | 411.00 | OK | 
Version: 1.3.1
Check: CRAN incoming feasibility
Result: NOTE
  Maintainer: ‘Marcelo Reginato <reginatobio@yahoo.com.br>’
  
  No Authors@R field in DESCRIPTION.
  Please add one, modifying
    Authors@R: person(given = "Marcelo",
                      family = "Reginato",
                      role = c("aut", "cre"),
                      email = "reginatobio@yahoo.com.br")
  as necessary.
Flavors: r-devel-linux-x86_64-debian-clang, r-devel-linux-x86_64-debian-gcc