Last updated on 2025-10-31 13:50:55 CET.
| Flavor | Version | Tinstall | Tcheck | Ttotal | Status | Flags | 
|---|---|---|---|---|---|---|
| r-devel-linux-x86_64-debian-clang | 2.1 | 6.55 | 27.07 | 33.62 | NOTE | |
| r-devel-linux-x86_64-debian-gcc | 2.1 | 5.41 | 22.11 | 27.52 | NOTE | |
| r-devel-linux-x86_64-fedora-clang | 2.1 | 15.00 | 35.46 | 50.46 | OK | |
| r-devel-linux-x86_64-fedora-gcc | 2.1 | 17.00 | 34.25 | 51.25 | OK | |
| r-devel-windows-x86_64 | 2.1 | 10.00 | 48.00 | 58.00 | OK | |
| r-patched-linux-x86_64 | 2.1 | 7.13 | 25.85 | 32.98 | OK | |
| r-release-linux-x86_64 | 2.1 | 7.19 | 26.05 | 33.24 | OK | |
| r-release-macos-arm64 | 2.1 | 6.00 | 17.00 | 23.00 | OK | |
| r-release-macos-x86_64 | 2.1 | 10.00 | 25.00 | 35.00 | OK | |
| r-release-windows-x86_64 | 2.1 | 10.00 | 55.00 | 65.00 | OK | |
| r-oldrel-macos-arm64 | 2.1 | 6.00 | 16.00 | 22.00 | OK | |
| r-oldrel-macos-x86_64 | 2.1 | 6.00 | 22.00 | 28.00 | OK | |
| r-oldrel-windows-x86_64 | 2.1 | 9.00 | 48.00 | 57.00 | OK | 
Version: 2.1
Check: CRAN incoming feasibility
Result: NOTE
  Maintainer: ‘Olli Saarela <olli.saarela@utoronto.ca>’
  
  No Authors@R field in DESCRIPTION.
  Please add one, modifying
    Authors@R: c(person(given = "Olli",
                        family = "Saarela",
                        role = c("aut", "cre"),
                        email = "olli.saarela@utoronto.ca"),
                 person(given = "Christian",
                        family = "Rohrbeck",
                        role = "aut"))
  as necessary.
Flavors: r-devel-linux-x86_64-debian-clang, r-devel-linux-x86_64-debian-gcc