Last updated on 2025-10-31 13:50:55 CET.
| Flavor | Version | Tinstall | Tcheck | Ttotal | Status | Flags | 
|---|---|---|---|---|---|---|
| r-devel-linux-x86_64-debian-clang | 1.2.0 | 2.92 | 49.60 | 52.52 | NOTE | |
| r-devel-linux-x86_64-debian-gcc | 1.2.0 | 1.71 | 38.17 | 39.88 | NOTE | |
| r-devel-linux-x86_64-fedora-clang | 1.2.0 | 76.85 | NOTE | |||
| r-devel-linux-x86_64-fedora-gcc | 1.2.0 | 88.04 | NOTE | |||
| r-devel-windows-x86_64 | 1.2.0 | 5.00 | 70.00 | 75.00 | NOTE | |
| r-patched-linux-x86_64 | 1.2.0 | 3.90 | 45.92 | 49.82 | NOTE | |
| r-release-linux-x86_64 | 1.2.0 | 2.58 | 45.83 | 48.41 | NOTE | |
| r-release-macos-arm64 | 1.2.0 | 1.00 | 36.00 | 37.00 | NOTE | |
| r-release-macos-x86_64 | 1.2.0 | 3.00 | 52.00 | 55.00 | OK | |
| r-release-windows-x86_64 | 1.2.0 | 5.00 | 71.00 | 76.00 | NOTE | |
| r-oldrel-macos-arm64 | 1.2.0 | 2.00 | 40.00 | 42.00 | OK | |
| r-oldrel-macos-x86_64 | 1.2.0 | 2.00 | 60.00 | 62.00 | OK | |
| r-oldrel-windows-x86_64 | 1.2.0 | 7.00 | 88.00 | 95.00 | OK | 
Version: 1.2.0
Check: DESCRIPTION meta-information
Result: NOTE
    Missing dependency on R >= 4.1.0 because package code uses the pipe
    |> or function shorthand \(...) syntax added in R 4.1.0.
    File(s) using such syntax:
      ‘define_extended_question.Rd’ ‘define_question.Rd’
      ‘define_questions_from_csv.Rd’ ‘define_questions_from_data_frame.Rd’
      ‘define_questions_from_excel.Rd’ ‘generate_xml.Rd’
      ‘generate_xml_file.Rd’
Flavors: r-devel-linux-x86_64-debian-clang, r-devel-linux-x86_64-debian-gcc, r-devel-linux-x86_64-fedora-clang, r-devel-linux-x86_64-fedora-gcc, r-devel-windows-x86_64, r-patched-linux-x86_64, r-release-linux-x86_64, r-release-macos-arm64, r-release-windows-x86_64