Last updated on 2025-10-31 13:50:56 CET.
| Flavor | Version | Tinstall | Tcheck | Ttotal | Status | Flags | 
|---|---|---|---|---|---|---|
| r-devel-linux-x86_64-debian-clang | 0.3.1 | 2.64 | 36.88 | 39.52 | NOTE | |
| r-devel-linux-x86_64-debian-gcc | 0.3.1 | 2.07 | 25.26 | 27.33 | NOTE | |
| r-devel-linux-x86_64-fedora-clang | 0.3.1 | 59.90 | OK | |||
| r-devel-linux-x86_64-fedora-gcc | 0.3.1 | 56.15 | OK | |||
| r-devel-windows-x86_64 | 0.3.1 | 3.00 | 51.00 | 54.00 | OK | |
| r-patched-linux-x86_64 | 0.3.1 | 2.84 | 32.85 | 35.69 | OK | |
| r-release-linux-x86_64 | 0.3.1 | 2.72 | 33.85 | 36.57 | OK | |
| r-release-macos-arm64 | 0.3.1 | 2.00 | 18.00 | 20.00 | OK | |
| r-release-macos-x86_64 | 0.3.1 | 3.00 | 38.00 | 41.00 | OK | |
| r-release-windows-x86_64 | 0.3.1 | 3.00 | 55.00 | 58.00 | OK | |
| r-oldrel-macos-arm64 | 0.3.1 | 1.00 | 18.00 | 19.00 | NOTE | |
| r-oldrel-macos-x86_64 | 0.3.1 | 2.00 | 32.00 | 34.00 | NOTE | |
| r-oldrel-windows-x86_64 | 0.3.1 | 5.00 | 50.00 | 55.00 | NOTE | 
Version: 0.3.1
Check: CRAN incoming feasibility
Result: NOTE
  Maintainer: ‘Chris Bradley <cbradley05@gmail.com>’
  
  No Authors@R field in DESCRIPTION.
  Please add one, modifying
    Authors@R: person(given = "Chris",
                      family = "Bradley",
                      role = c("aut", "cre"),
                      email = "cbradley05@gmail.com")
  as necessary.
Flavors: r-devel-linux-x86_64-debian-clang, r-devel-linux-x86_64-debian-gcc
Version: 0.3.1
Check: LazyData
Result: NOTE
    'LazyData' is specified without a 'data' directory
Flavors: r-oldrel-macos-arm64, r-oldrel-macos-x86_64, r-oldrel-windows-x86_64