Last updated on 2025-10-31 13:50:56 CET.
| Flavor | Version | Tinstall | Tcheck | Ttotal | Status | Flags | 
|---|---|---|---|---|---|---|
| r-devel-linux-x86_64-debian-clang | 1.2 | 4.63 | 39.22 | 43.85 | NOTE | |
| r-devel-linux-x86_64-debian-gcc | 1.2 | 3.46 | 28.06 | 31.52 | NOTE | |
| r-devel-linux-x86_64-fedora-clang | 1.2 | 62.86 | OK | |||
| r-devel-linux-x86_64-fedora-gcc | 1.2 | 60.35 | OK | |||
| r-devel-windows-x86_64 | 1.2 | 5.00 | 60.00 | 65.00 | OK | |
| r-patched-linux-x86_64 | 1.2 | 5.21 | 37.05 | 42.26 | OK | |
| r-release-linux-x86_64 | 1.2 | 4.40 | 36.70 | 41.10 | OK | |
| r-release-macos-arm64 | 1.2 | 2.00 | 22.00 | 24.00 | OK | |
| r-release-macos-x86_64 | 1.2 | 4.00 | 46.00 | 50.00 | OK | |
| r-release-windows-x86_64 | 1.2 | 4.00 | 64.00 | 68.00 | OK | |
| r-oldrel-macos-arm64 | 1.2 | 2.00 | 17.00 | 19.00 | OK | |
| r-oldrel-macos-x86_64 | 1.2 | 4.00 | 37.00 | 41.00 | OK | |
| r-oldrel-windows-x86_64 | 1.2 | 6.00 | 57.00 | 63.00 | OK | 
Version: 1.2
Check: CRAN incoming feasibility
Result: NOTE
  Maintainer: ‘David Magis <david.magis@uliege.be>’
  
  No Authors@R field in DESCRIPTION.
  Please add one, modifying
    Authors@R: c(person(given = "David",
                        family = "Magis",
                        role = c("aut", "cre"),
                        email = "david.magis@uliege.be",
                        comment = "U Liege, Belgium"),
                 person(given = "Duanli",
                        family = "Yan",
                        role = "aut",
                        comment = "ETS, USA"),
                 person(given = "Alina",
                        family = "von Davier",
                        role = "aut",
                        comment = "ACTNext, USA"))
  as necessary.
Flavors: r-devel-linux-x86_64-debian-clang, r-devel-linux-x86_64-debian-gcc