Last updated on 2025-10-17 14:51:21 CEST.
Flavor | Version | Tinstall | Tcheck | Ttotal | Status | Flags |
---|---|---|---|---|---|---|
r-devel-linux-x86_64-debian-clang | 0.1.0 | 16.25 | 139.77 | 156.02 | NOTE | |
r-devel-linux-x86_64-debian-gcc | 0.1.0 | 11.64 | 93.87 | 105.51 | NOTE | |
r-devel-linux-x86_64-fedora-clang | 0.1.0 | 251.52 | OK | |||
r-devel-linux-x86_64-fedora-gcc | 0.1.0 | 225.51 | OK | |||
r-devel-windows-x86_64 | 0.1.0 | 17.00 | 132.00 | 149.00 | OK | |
r-patched-linux-x86_64 | 0.1.0 | 14.46 | 128.69 | 143.15 | OK | |
r-release-linux-x86_64 | 0.1.0 | 15.00 | 130.72 | 145.72 | OK | |
r-release-macos-arm64 | 0.1.0 | 59.00 | OK | |||
r-release-macos-x86_64 | 0.1.0 | 112.00 | OK | |||
r-release-windows-x86_64 | 0.1.0 | 16.00 | 133.00 | 149.00 | OK | |
r-oldrel-macos-arm64 | 0.1.0 | 58.00 | OK | |||
r-oldrel-macos-x86_64 | 0.1.0 | 82.00 | OK | |||
r-oldrel-windows-x86_64 | 0.1.0 | 22.00 | 176.00 | 198.00 | OK |
Version: 0.1.0
Check: CRAN incoming feasibility
Result: NOTE
Maintainer: ‘Ye Tian <ye.t@columbia.edu>’
The Description field contains
Y., Weng, H., & Feng, Y. (2022) <arXiv:2209.15224>.
Please refer to arXiv e-prints via their arXiv DOI <doi:10.48550/arXiv.YYMM.NNNNN>.
Flavors: r-devel-linux-x86_64-debian-clang, r-devel-linux-x86_64-debian-gcc