Last updated on 2025-10-31 13:50:56 CET.
| Flavor | Version | Tinstall | Tcheck | Ttotal | Status | Flags | 
|---|---|---|---|---|---|---|
| r-devel-linux-x86_64-debian-clang | 1.1 | 2.90 | 26.80 | 29.70 | NOTE | |
| r-devel-linux-x86_64-debian-gcc | 1.1 | 1.99 | 20.18 | 22.17 | NOTE | |
| r-devel-linux-x86_64-fedora-clang | 1.1 | 44.15 | OK | |||
| r-devel-linux-x86_64-fedora-gcc | 1.1 | 43.03 | OK | |||
| r-devel-windows-x86_64 | 1.1 | 3.00 | 43.00 | 46.00 | OK | |
| r-patched-linux-x86_64 | 1.1 | 2.88 | 25.21 | 28.09 | OK | |
| r-release-linux-x86_64 | 1.1 | 2.71 | 25.00 | 27.71 | OK | |
| r-release-macos-arm64 | 1.1 | 1.00 | 19.00 | 20.00 | OK | |
| r-release-macos-x86_64 | 1.1 | 3.00 | 46.00 | 49.00 | OK | |
| r-release-windows-x86_64 | 1.1 | 4.00 | 46.00 | 50.00 | OK | |
| r-oldrel-macos-arm64 | 1.1 | 1.00 | 14.00 | 15.00 | NOTE | |
| r-oldrel-macos-x86_64 | 1.1 | 5.00 | 44.00 | 49.00 | NOTE | |
| r-oldrel-windows-x86_64 | 1.1 | 3.00 | 43.00 | 46.00 | NOTE | 
Version: 1.1
Check: CRAN incoming feasibility
Result: NOTE
  Maintainer: ‘Robin Ristl <robin.ristl@meduniwien.ac.at>’
  
  Package CITATION file contains call(s) to old-style personList() or
  as.personList().  Please use c() on person objects instead.
  Package CITATION file contains call(s) to old-style citEntry().  Please
  use bibentry() instead.
Flavors: r-devel-linux-x86_64-debian-clang, r-devel-linux-x86_64-debian-gcc
Version: 1.1
Check: LazyData
Result: NOTE
    'LazyData' is specified without a 'data' directory
Flavors: r-oldrel-macos-arm64, r-oldrel-macos-x86_64, r-oldrel-windows-x86_64