Last updated on 2025-10-31 13:50:56 CET.
| Flavor | Version | Tinstall | Tcheck | Ttotal | Status | Flags | 
|---|---|---|---|---|---|---|
| r-devel-linux-x86_64-debian-clang | 1.0.1 | 1.87 | 22.19 | 24.06 | NOTE | |
| r-devel-linux-x86_64-debian-gcc | 1.0.1 | 1.43 | 17.34 | 18.77 | NOTE | |
| r-devel-linux-x86_64-fedora-clang | 1.0.1 | 35.49 | NOTE | |||
| r-devel-linux-x86_64-fedora-gcc | 1.0.1 | 33.53 | NOTE | |||
| r-devel-windows-x86_64 | 1.0.1 | 2.00 | 38.00 | 40.00 | NOTE | |
| r-patched-linux-x86_64 | 1.0.1 | 1.82 | 21.25 | 23.07 | NOTE | |
| r-release-linux-x86_64 | 1.0.1 | 1.52 | 21.04 | 22.56 | NOTE | |
| r-release-macos-arm64 | 1.0.1 | 1.00 | 16.00 | 17.00 | NOTE | |
| r-release-macos-x86_64 | 1.0.1 | 2.00 | 32.00 | 34.00 | NOTE | |
| r-release-windows-x86_64 | 1.0.1 | 3.00 | 42.00 | 45.00 | NOTE | |
| r-oldrel-macos-arm64 | 1.0.1 | 1.00 | 14.00 | 15.00 | NOTE | |
| r-oldrel-macos-x86_64 | 1.0.1 | 2.00 | 21.00 | 23.00 | NOTE | |
| r-oldrel-windows-x86_64 | 1.0.1 | 2.00 | 39.00 | 41.00 | NOTE | 
Version: 1.0.1
Check: CRAN incoming feasibility
Result: NOTE
  Maintainer: ‘Agnes Martine Nielsen <agni@dtu.dk>’
  
  The Description field contains
    Dot Product Graph Model", arXiv preprint <arXiv:1811.12172> (Submitted
  Please refer to arXiv e-prints via their arXiv DOI <doi:10.48550/arXiv.YYMM.NNNNN>.
Flavors: r-devel-linux-x86_64-debian-clang, r-devel-linux-x86_64-debian-gcc
Version: 1.0.1
Check: Rd files
Result: NOTE
  checkRd: (-1) nullestimation.Rd:17: Lost braces; missing escapes or markup?
      17 |           \code{U}        \tab The common latent space vectors. U in R^{n x d}\cr
         |                                                                        ^
Flavors: r-devel-linux-x86_64-debian-clang, r-devel-linux-x86_64-debian-gcc, r-devel-linux-x86_64-fedora-clang, r-devel-linux-x86_64-fedora-gcc, r-devel-windows-x86_64, r-patched-linux-x86_64, r-release-linux-x86_64, r-release-macos-arm64, r-release-macos-x86_64, r-release-windows-x86_64, r-oldrel-macos-arm64, r-oldrel-macos-x86_64, r-oldrel-windows-x86_64
Version: 1.0.1
Check: LazyData
Result: NOTE
    'LazyData' is specified without a 'data' directory
Flavors: r-oldrel-macos-arm64, r-oldrel-macos-x86_64, r-oldrel-windows-x86_64