Last updated on 2025-11-27 13:48:42 CET.
| Flavor | Version | Tinstall | Tcheck | Ttotal | Status | Flags |
|---|---|---|---|---|---|---|
| r-devel-linux-x86_64-debian-clang | 1.2.0 | 11.11 | 259.76 | 270.87 | NOTE | |
| r-devel-linux-x86_64-debian-gcc | 1.2.0 | 7.56 | 152.41 | 159.97 | NOTE | |
| r-devel-linux-x86_64-fedora-clang | 1.2.0 | 32.00 | 440.09 | 472.09 | NOTE | |
| r-devel-linux-x86_64-fedora-gcc | 1.2.0 | 22.00 | 452.27 | 474.27 | NOTE | |
| r-devel-windows-x86_64 | 1.2.0 | 22.00 | 247.00 | 269.00 | NOTE | |
| r-patched-linux-x86_64 | 1.2.0 | 11.69 | 247.42 | 259.11 | NOTE | |
| r-release-linux-x86_64 | 1.2.0 | 10.47 | 250.04 | 260.51 | NOTE | |
| r-release-macos-arm64 | 1.2.0 | NOTE | ||||
| r-release-macos-x86_64 | 1.2.0 | 14.00 | 282.00 | 296.00 | NOTE | |
| r-release-windows-x86_64 | 1.2.0 | 18.00 | 245.00 | 263.00 | NOTE | |
| r-oldrel-macos-arm64 | 1.2.0 | NOTE | ||||
| r-oldrel-macos-x86_64 | 1.2.0 | 9.00 | 171.00 | 180.00 | NOTE | |
| r-oldrel-windows-x86_64 | 1.2.0 | 21.00 | 326.00 | 347.00 | NOTE |
Version: 1.2.0
Check: CRAN incoming feasibility
Result: NOTE
Maintainer: ‘Alexandra Sarafoglou <alexandra.sarafoglou@gmail.com>’
Package CITATION file contains call(s) to old-style citEntry(). Please
use bibentry() instead.
Flavors: r-devel-linux-x86_64-debian-clang, r-devel-linux-x86_64-debian-gcc
Version: 1.2.0
Check: C++ specification
Result: NOTE
Specified C++11: please drop specification unless essential
Flavors: r-devel-linux-x86_64-debian-clang, r-devel-linux-x86_64-debian-gcc, r-devel-windows-x86_64, r-patched-linux-x86_64, r-release-linux-x86_64, r-release-macos-arm64, r-release-macos-x86_64, r-release-windows-x86_64, r-oldrel-macos-arm64, r-oldrel-macos-x86_64, r-oldrel-windows-x86_64
Version: 1.2.0
Check: C++ specification
Result: NOTE
Specified C++11: support will be removed soon
Flavors: r-devel-linux-x86_64-fedora-clang, r-devel-linux-x86_64-fedora-gcc