Last updated on 2025-10-31 13:50:56 CET.
| Flavor | Version | Tinstall | Tcheck | Ttotal | Status | Flags | 
|---|---|---|---|---|---|---|
| r-devel-linux-x86_64-debian-clang | 0.12.2 | 1.92 | 21.99 | 23.91 | NOTE | |
| r-devel-linux-x86_64-debian-gcc | 0.12.2 | 1.61 | 17.98 | 19.59 | NOTE | |
| r-devel-linux-x86_64-fedora-clang | 0.12.2 | 35.42 | OK | |||
| r-devel-linux-x86_64-fedora-gcc | 0.12.2 | 33.87 | OK | |||
| r-devel-windows-x86_64 | 0.12.2 | 3.00 | 38.00 | 41.00 | OK | |
| r-patched-linux-x86_64 | 0.12.2 | 2.24 | 20.72 | 22.96 | OK | |
| r-release-linux-x86_64 | 0.12.2 | 1.93 | 20.87 | 22.80 | OK | |
| r-release-macos-arm64 | 0.12.2 | 1.00 | 17.00 | 18.00 | OK | |
| r-release-macos-x86_64 | 0.12.2 | 2.00 | 22.00 | 24.00 | OK | |
| r-release-windows-x86_64 | 0.12.2 | 3.00 | 41.00 | 44.00 | OK | |
| r-oldrel-macos-arm64 | 0.12.2 | 1.00 | 14.00 | 15.00 | OK | |
| r-oldrel-macos-x86_64 | 0.12.2 | 2.00 | 23.00 | 25.00 | OK | |
| r-oldrel-windows-x86_64 | 0.12.2 | 3.00 | 38.00 | 41.00 | OK | 
Version: 0.12.2
Check: CRAN incoming feasibility
Result: NOTE
  Maintainer: ‘Fabian Krueger <Fabian.Krueger83@gmail.com>’
  
  No Authors@R field in DESCRIPTION.
  Please add one, modifying
    Authors@R: c(person(given = "Alexander",
                        family = "Jordan",
                        role = "aut"),
                 person(given = "Fabian",
                        family = "Krueger",
                        role = c("aut", "cre"),
                        email = "fabian.krueger83@gmail.com"))
  as necessary.
Flavors: r-devel-linux-x86_64-debian-clang, r-devel-linux-x86_64-debian-gcc