Last updated on 2025-10-31 13:50:56 CET.
| Flavor | Version | Tinstall | Tcheck | Ttotal | Status | Flags | 
|---|---|---|---|---|---|---|
| r-devel-linux-x86_64-debian-clang | 0.1-13 | 13.05 | 112.20 | 125.25 | NOTE | |
| r-devel-linux-x86_64-debian-gcc | 0.1-13 | 8.48 | 80.46 | 88.94 | NOTE | |
| r-devel-linux-x86_64-fedora-clang | 0.1-13 | 25.00 | 163.26 | 188.26 | OK | |
| r-devel-linux-x86_64-fedora-gcc | 0.1-13 | 105.00 | 109.51 | 214.51 | OK | |
| r-devel-windows-x86_64 | 0.1-13 | 14.00 | 144.00 | 158.00 | OK | |
| r-patched-linux-x86_64 | 0.1-13 | 13.39 | 108.63 | 122.02 | OK | |
| r-release-linux-x86_64 | 0.1-13 | 11.63 | 107.11 | 118.74 | OK | |
| r-release-macos-arm64 | 0.1-13 | 6.00 | 66.00 | 72.00 | OK | |
| r-release-macos-x86_64 | 0.1-13 | 13.00 | 121.00 | 134.00 | OK | |
| r-release-windows-x86_64 | 0.1-13 | 15.00 | 146.00 | 161.00 | OK | |
| r-oldrel-macos-arm64 | 0.1-13 | 6.00 | 52.00 | 58.00 | OK | |
| r-oldrel-macos-x86_64 | 0.1-13 | 16.00 | 113.00 | 129.00 | OK | |
| r-oldrel-windows-x86_64 | 0.1-13 | 19.00 | 177.00 | 196.00 | OK | 
Version: 0.1-13
Check: CRAN incoming feasibility
Result: NOTE
  Maintainer: ‘Kornelius Rohmeyer <rohmeyer@small-projects.de>’
  
  No Authors@R field in DESCRIPTION.
  Please add one, modifying
    Authors@R: c(person(given = c("MuToss", "Coding"),
                        family = "Team",
                        role = "aut",
                        comment = "Berlin 2010"),
                 person(given = "Gilles",
                        family = "Blanchard",
                        role = "aut"),
                 person(given = "Thorsten",
                        family = "Dickhaus",
                        role = "aut"),
                 person(given = "Niklas",
                        family = "Hack",
                        role = "aut"),
                 person(given = "Frank",
                        family = "Konietschke",
                        role = "aut"),
                 person(given = "Kornelius",
                        family = "Rohmeyer",
                        role = c("aut", "cre"),
                        email = "rohmeyer@small-projects.de"),
                 person(given = "Jonathan",
                        family = "Rosenblatt",
                        role = "aut"),
                 person(given = "Marsel",
                        family = "Scheer",
                        role = "aut"),
                 person(given = "Wiebke",
                        family = "Werft",
                        role = "aut"))
  as necessary.
Flavors: r-devel-linux-x86_64-debian-clang, r-devel-linux-x86_64-debian-gcc