Last updated on 2025-10-31 13:50:56 CET.
| Flavor | Version | Tinstall | Tcheck | Ttotal | Status | Flags | 
|---|---|---|---|---|---|---|
| r-devel-linux-x86_64-debian-clang | 1.6 | 5.91 | 46.39 | 52.30 | NOTE | |
| r-devel-linux-x86_64-debian-gcc | 1.6 | 4.03 | 35.30 | 39.33 | NOTE | |
| r-devel-linux-x86_64-fedora-clang | 1.6 | 13.00 | 65.60 | 78.60 | OK | |
| r-devel-linux-x86_64-fedora-gcc | 1.6 | 12.00 | 63.35 | 75.35 | OK | |
| r-devel-windows-x86_64 | 1.6 | 7.00 | 60.00 | 67.00 | OK | |
| r-patched-linux-x86_64 | 1.6 | 5.20 | 44.24 | 49.44 | OK | |
| r-release-linux-x86_64 | 1.6 | 4.88 | 44.10 | 48.98 | OK | |
| r-release-macos-arm64 | 1.6 | 2.00 | 23.00 | 25.00 | OK | |
| r-release-macos-x86_64 | 1.6 | 4.00 | 36.00 | 40.00 | OK | |
| r-release-windows-x86_64 | 1.6 | 8.00 | 62.00 | 70.00 | OK | |
| r-oldrel-macos-arm64 | 1.6 | 2.00 | 22.00 | 24.00 | OK | |
| r-oldrel-macos-x86_64 | 1.6 | 4.00 | 31.00 | 35.00 | OK | |
| r-oldrel-windows-x86_64 | 1.6 | 10.00 | 75.00 | 85.00 | OK | 
Version: 1.6
Check: CRAN incoming feasibility
Result: NOTE
  Maintainer: ‘John P. Nolan <jpnolan@american.edu>’
  
  No Authors@R field in DESCRIPTION.
  Please add one, modifying
    Authors@R: person(given = c("John", "P."),
                      family = "Nolan",
                      role = c("aut", "cre"),
                      email = "jpnolan@american.edu")
  as necessary.
Flavors: r-devel-linux-x86_64-debian-clang, r-devel-linux-x86_64-debian-gcc