Last updated on 2024-07-18 01:55:37 CEST.
Flavor | Version | Tinstall | Tcheck | Ttotal | Status | Flags |
---|---|---|---|---|---|---|
r-devel-linux-x86_64-debian-clang | 2.1.1 | 5.33 | 51.34 | 56.67 | NOTE | |
r-devel-linux-x86_64-debian-gcc | 2.1.1 | 4.94 | 37.71 | 42.65 | NOTE | |
r-devel-linux-x86_64-fedora-clang | 2.1.1 | 73.47 | NOTE | |||
r-devel-linux-x86_64-fedora-gcc | 2.1.1 | 68.36 | NOTE | |||
r-devel-windows-x86_64 | 2.1.1 | 5.00 | 63.00 | 68.00 | NOTE | |
r-patched-linux-x86_64 | 2.1.1 | 7.06 | 50.31 | 57.37 | NOTE | |
r-release-linux-x86_64 | 2.1.1 | 6.22 | 49.83 | 56.05 | NOTE | |
r-release-macos-arm64 | 2.1.1 | 24.00 | NOTE | |||
r-release-macos-x86_64 | 2.1.1 | 46.00 | NOTE | |||
r-release-windows-x86_64 | 2.1.1 | 6.00 | 64.00 | 70.00 | NOTE | |
r-oldrel-macos-arm64 | 2.1.1 | 27.00 | NOTE | |||
r-oldrel-macos-x86_64 | 2.1.1 | 37.00 | NOTE | |||
r-oldrel-windows-x86_64 | 2.1.1 | 6.00 | 69.00 | 75.00 | NOTE |
Version: 2.1.1
Check: Rd files
Result: NOTE
checkRd: (-1) pkb.Rd:14: Escaped LaTeX specials: \# \# \#
Flavors: r-devel-linux-x86_64-debian-clang, r-devel-linux-x86_64-debian-gcc, r-devel-linux-x86_64-fedora-clang, r-devel-linux-x86_64-fedora-gcc, r-devel-windows-x86_64, r-patched-linux-x86_64, r-release-linux-x86_64, r-release-macos-arm64, r-release-macos-x86_64, r-release-windows-x86_64, r-oldrel-macos-arm64, r-oldrel-macos-x86_64, r-oldrel-windows-x86_64