Last updated on 2025-07-08 13:49:14 CEST.
Flavor | Version | Tinstall | Tcheck | Ttotal | Status | Flags |
---|---|---|---|---|---|---|
r-devel-linux-x86_64-debian-clang | 0.1.9 | 82.33 | 90.16 | 172.49 | OK | |
r-devel-linux-x86_64-debian-gcc | 0.1.9 | 60.54 | 66.90 | 127.44 | OK | |
r-devel-linux-x86_64-fedora-clang | 0.1.9 | 327.68 | OK | |||
r-devel-linux-x86_64-fedora-gcc | 0.1.9 | 302.99 | OK | |||
r-devel-windows-x86_64 | 0.1.9 | 102.00 | 123.00 | 225.00 | OK | |
r-patched-linux-x86_64 | 0.1.9 | 87.18 | 86.61 | 173.79 | OK | |
r-release-linux-x86_64 | 0.1.9 | 84.01 | 86.93 | 170.94 | OK | |
r-release-macos-arm64 | 0.1.9 | 79.00 | OK | |||
r-release-macos-x86_64 | 0.1.9 | 104.00 | OK | |||
r-release-windows-x86_64 | 0.1.9 | 106.00 | 128.00 | 234.00 | OK | |
r-oldrel-macos-arm64 | 0.1.9 | 78.00 | NOTE | |||
r-oldrel-macos-x86_64 | 0.1.9 | 105.00 | NOTE | |||
r-oldrel-windows-x86_64 | 0.1.9 | 120.00 | 168.00 | 288.00 | OK |
Version: 0.1.9
Check: package dependencies
Result: NOTE
Package suggested but not available for checking: ‘DLBCL’
Flavor: r-oldrel-macos-arm64
Version: 0.1.9
Check: installed package size
Result: NOTE
installed size is 9.6Mb
sub-directories of 1Mb or more:
java 2.5Mb
libs 6.6Mb
Flavors: r-oldrel-macos-arm64, r-oldrel-macos-x86_64
Version: 0.1.9
Check: package dependencies
Result: NOTE
Packages suggested but not available for checking: 'BioNet', 'DLBCL'
Flavor: r-oldrel-macos-x86_64