Last updated on 2025-10-31 13:50:56 CET.
| Flavor | Version | Tinstall | Tcheck | Ttotal | Status | Flags | 
|---|---|---|---|---|---|---|
| r-devel-linux-x86_64-debian-clang | 1.1 | 2.55 | 24.38 | 26.93 | NOTE | |
| r-devel-linux-x86_64-debian-gcc | 1.1 | 2.00 | 19.51 | 21.51 | NOTE | |
| r-devel-linux-x86_64-fedora-clang | 1.1 | 40.28 | OK | |||
| r-devel-linux-x86_64-fedora-gcc | 1.1 | 39.15 | OK | |||
| r-devel-windows-x86_64 | 1.1 | 3.00 | 43.00 | 46.00 | OK | |
| r-patched-linux-x86_64 | 1.1 | 2.91 | 23.34 | 26.25 | OK | |
| r-release-linux-x86_64 | 1.1 | 2.72 | 23.28 | 26.00 | OK | |
| r-release-macos-arm64 | 1.1 | 1.00 | 15.00 | 16.00 | OK | |
| r-release-macos-x86_64 | 1.1 | 3.00 | 27.00 | 30.00 | OK | |
| r-release-windows-x86_64 | 1.1 | 3.00 | 48.00 | 51.00 | OK | |
| r-oldrel-macos-arm64 | 1.1 | 1.00 | 14.00 | 15.00 | OK | |
| r-oldrel-macos-x86_64 | 1.1 | 2.00 | 20.00 | 22.00 | OK | |
| r-oldrel-windows-x86_64 | 1.1 | 3.00 | 43.00 | 46.00 | OK | 
Version: 1.1
Check: CRAN incoming feasibility
Result: NOTE
  Maintainer: ‘S. Ramachandran<ramu@igib.in>’
  
  No Authors@R field in DESCRIPTION.
  Please add one, modifying
    Authors@R: c(person(given = "Deepika",
                        family = "Kulshreshtha",
                        role = "aut"),
                 person(given = "Rupanjali",
                        family = "Chaudhuri",
                        role = "aut"),
                 person(given = "Surabhi",
                        family = "Seth",
                        role = "aut"),
                 person(given = "S.",
                        family = "Ramachandran",
                        role = c("aut", "cre"),
                        email = "ramu@igib.in"))
  as necessary.
Flavors: r-devel-linux-x86_64-debian-clang, r-devel-linux-x86_64-debian-gcc