Last updated on 2024-05-27 02:48:10 CEST.
Flavor | Version | Tinstall | Tcheck | Ttotal | Status | Flags |
---|---|---|---|---|---|---|
r-devel-linux-x86_64-debian-clang | 0.1.6 | 8.24 | 45.93 | 54.17 | NOTE | |
r-devel-linux-x86_64-debian-gcc | 0.1.6 | 5.81 | 34.43 | 40.24 | NOTE | |
r-devel-linux-x86_64-fedora-clang | 0.1.6 | 65.52 | NOTE | |||
r-devel-linux-x86_64-fedora-gcc | 0.1.6 | 61.34 | NOTE | |||
r-devel-windows-x86_64 | 0.1.6 | 7.00 | 54.00 | 61.00 | NOTE | |
r-patched-linux-x86_64 | 0.1.6 | 6.43 | 43.41 | 49.84 | NOTE | |
r-release-linux-x86_64 | 0.1.6 | 6.55 | 43.53 | 50.08 | NOTE | |
r-release-macos-arm64 | 0.1.6 | 23.00 | NOTE | |||
r-release-windows-x86_64 | 0.1.6 | 7.00 | 54.00 | 61.00 | NOTE | |
r-oldrel-macos-arm64 | 0.1.6 | 26.00 | OK | |||
r-oldrel-macos-x86_64 | 0.1.6 | 32.00 | OK | |||
r-oldrel-windows-x86_64 | 0.1.6 | 8.00 | 61.00 | 69.00 | OK |
Version: 0.1.6
Check: Rd files
Result: NOTE
checkRd: (-1) fod.Rd:12: Lost braces in \itemize; meant \describe ?
checkRd: (-1) fod.Rd:13: Lost braces in \itemize; meant \describe ?
checkRd: (-1) fod.Rd:14: Lost braces in \itemize; meant \describe ?
Flavors: r-devel-linux-x86_64-debian-clang, r-devel-linux-x86_64-debian-gcc, r-devel-linux-x86_64-fedora-clang, r-devel-linux-x86_64-fedora-gcc, r-devel-windows-x86_64, r-patched-linux-x86_64, r-release-linux-x86_64, r-release-macos-arm64, r-release-windows-x86_64