Last updated on 2025-10-31 13:50:56 CET.
| Flavor | Version | Tinstall | Tcheck | Ttotal | Status | Flags | 
|---|---|---|---|---|---|---|
| r-devel-linux-x86_64-debian-clang | 1.3.2 | 1.56 | 37.79 | 39.35 | NOTE | |
| r-devel-linux-x86_64-debian-gcc | 1.3.2 | 1.32 | 29.37 | 30.69 | NOTE | |
| r-devel-linux-x86_64-fedora-clang | 1.3.2 | 63.82 | NOTE | |||
| r-devel-linux-x86_64-fedora-gcc | 1.3.2 | 62.49 | NOTE | |||
| r-devel-windows-x86_64 | 1.3.2 | 2.00 | 39.00 | 41.00 | NOTE | |
| r-patched-linux-x86_64 | 1.3.2 | 1.49 | 36.35 | 37.84 | NOTE | |
| r-release-linux-x86_64 | 1.3.2 | 1.61 | 36.20 | 37.81 | NOTE | |
| r-release-macos-arm64 | 1.3.2 | 1.00 | 14.00 | 15.00 | NOTE | |
| r-release-macos-x86_64 | 1.3.2 | 2.00 | 29.00 | 31.00 | NOTE | |
| r-release-windows-x86_64 | 1.3.2 | 3.00 | 48.00 | 51.00 | NOTE | |
| r-oldrel-macos-arm64 | 1.3.2 | 1.00 | 13.00 | 14.00 | NOTE | |
| r-oldrel-macos-x86_64 | 1.3.2 | 2.00 | 31.00 | 33.00 | NOTE | |
| r-oldrel-windows-x86_64 | 1.3.2 | 4.00 | 43.00 | 47.00 | NOTE | 
Version: 1.3.2
Check: CRAN incoming feasibility
Result: NOTE
  Maintainer: ‘Philipp Angerer <philipp.angerer@helmholtz-muenchen.de>’
  
  No Authors@R field in DESCRIPTION.
  Please add one, modifying
    Authors@R: person(given = "Philipp",
                      family = "Angerer",
                      role = c("aut", "cre"),
                      email = "philipp.angerer@helmholtz-muenchen.de")
  as necessary.
Flavors: r-devel-linux-x86_64-debian-clang, r-devel-linux-x86_64-debian-gcc
Version: 1.3.2
Check: Rd files
Result: NOTE
  checkRd: (-1) nbconvert.Rd:49: Lost braces in \enumerate; meant \describe ?
  checkRd: (-1) nbconvert.Rd:50: Lost braces in \enumerate; meant \describe ?
Flavors: r-devel-linux-x86_64-debian-clang, r-devel-linux-x86_64-debian-gcc, r-devel-linux-x86_64-fedora-clang, r-devel-linux-x86_64-fedora-gcc, r-devel-windows-x86_64, r-patched-linux-x86_64, r-release-linux-x86_64, r-release-macos-arm64, r-release-macos-x86_64, r-release-windows-x86_64, r-oldrel-macos-arm64, r-oldrel-macos-x86_64, r-oldrel-windows-x86_64