Last updated on 2024-05-27 02:48:10 CEST.
Flavor | Version | Tinstall | Tcheck | Ttotal | Status | Flags |
---|---|---|---|---|---|---|
r-devel-linux-x86_64-debian-clang | 0.13.3 | 11.24 | 426.12 | 437.36 | NOTE | |
r-devel-linux-x86_64-debian-gcc | 0.13.3 | 6.09 | 309.84 | 315.93 | NOTE | |
r-devel-linux-x86_64-fedora-clang | 0.13.3 | 513.35 | NOTE | |||
r-devel-linux-x86_64-fedora-gcc | 0.13.3 | 493.85 | NOTE | |||
r-devel-windows-x86_64 | 0.13.3 | 9.00 | 140.00 | 149.00 | NOTE | --no-vignettes |
r-patched-linux-x86_64 | 0.13.3 | 17.39 | 458.04 | 475.43 | NOTE | |
r-release-linux-x86_64 | 0.13.3 | 5.63 | 458.23 | 463.86 | NOTE | |
r-release-macos-arm64 | 0.13.3 | 172.00 | NOTE | |||
r-release-windows-x86_64 | 0.13.3 | 10.00 | 139.00 | 149.00 | NOTE | --no-vignettes |
r-oldrel-macos-arm64 | 0.13.3 | 404.00 | OK | |||
r-oldrel-macos-x86_64 | 0.13.3 | 396.00 | OK | |||
r-oldrel-windows-x86_64 | 0.13.3 | 11.00 | 165.00 | 176.00 | OK | --no-vignettes |
Version: 0.13.3
Check: Rd files
Result: NOTE
checkRd: (-1) render.d3movie.Rd:104: Lost braces in \itemize; meant \describe ?
checkRd: (-1) render.d3movie.Rd:105: Lost braces in \itemize; meant \describe ?
checkRd: (-1) render.d3movie.Rd:106: Lost braces in \itemize; meant \describe ?
checkRd: (-1) render.d3movie.Rd:107: Lost braces in \itemize; meant \describe ?
checkRd: (-1) render.d3movie.Rd:108: Lost braces in \itemize; meant \describe ?
checkRd: (-1) render.d3movie.Rd:109: Lost braces in \itemize; meant \describe ?
checkRd: (-1) render.d3movie.Rd:110: Lost braces in \itemize; meant \describe ?
checkRd: (-1) render.d3movie.Rd:111: Lost braces in \itemize; meant \describe ?
checkRd: (-1) render.d3movie.Rd:112: Lost braces in \itemize; meant \describe ?
checkRd: (-1) render.d3movie.Rd:113: Lost braces in \itemize; meant \describe ?
checkRd: (-1) render.d3movie.Rd:114: Lost braces in \itemize; meant \describe ?
checkRd: (-1) render.d3movie.Rd:115: Lost braces in \itemize; meant \describe ?
checkRd: (-1) render.d3movie.Rd:116: Lost braces in \itemize; meant \describe ?
checkRd: (-1) render.d3movie.Rd:117: Lost braces in \itemize; meant \describe ?
checkRd: (-1) render.d3movie.Rd:118: Lost braces in \itemize; meant \describe ?
checkRd: (-1) render.d3movie.Rd:119: Lost braces in \itemize; meant \describe ?
checkRd: (-1) render.d3movie.Rd:126: Lost braces in \itemize; meant \describe ?
checkRd: (-1) render.d3movie.Rd:127: Lost braces in \itemize; meant \describe ?
checkRd: (-1) render.d3movie.Rd:136: Lost braces in \itemize; meant \describe ?
checkRd: (-1) render.d3movie.Rd:137: Lost braces in \itemize; meant \describe ?
checkRd: (-1) render.d3movie.Rd:138: Lost braces in \itemize; meant \describe ?
checkRd: (-1) render.d3movie.Rd:139: Lost braces in \itemize; meant \describe ?
checkRd: (-1) render.d3movie.Rd:141: Lost braces in \itemize; meant \describe ?
checkRd: (-1) render.d3movie.Rd:142: Lost braces in \itemize; meant \describe ?
checkRd: (-1) render.d3movie.Rd:143: Lost braces in \itemize; meant \describe ?
checkRd: (-1) render.d3movie.Rd:144: Lost braces in \itemize; meant \describe ?
Flavors: r-devel-linux-x86_64-debian-clang, r-devel-linux-x86_64-debian-gcc, r-devel-linux-x86_64-fedora-clang, r-devel-linux-x86_64-fedora-gcc, r-patched-linux-x86_64, r-release-linux-x86_64, r-release-macos-arm64
Version: 0.13.3
Flags: --no-vignettes
Check: Rd files
Result: NOTE
checkRd: (-1) render.d3movie.Rd:104: Lost braces in \itemize; meant \describe ?
checkRd: (-1) render.d3movie.Rd:105: Lost braces in \itemize; meant \describe ?
checkRd: (-1) render.d3movie.Rd:106: Lost braces in \itemize; meant \describe ?
checkRd: (-1) render.d3movie.Rd:107: Lost braces in \itemize; meant \describe ?
checkRd: (-1) render.d3movie.Rd:108: Lost braces in \itemize; meant \describe ?
checkRd: (-1) render.d3movie.Rd:109: Lost braces in \itemize; meant \describe ?
checkRd: (-1) render.d3movie.Rd:110: Lost braces in \itemize; meant \describe ?
checkRd: (-1) render.d3movie.Rd:111: Lost braces in \itemize; meant \describe ?
checkRd: (-1) render.d3movie.Rd:112: Lost braces in \itemize; meant \describe ?
checkRd: (-1) render.d3movie.Rd:113: Lost braces in \itemize; meant \describe ?
checkRd: (-1) render.d3movie.Rd:114: Lost braces in \itemize; meant \describe ?
checkRd: (-1) render.d3movie.Rd:115: Lost braces in \itemize; meant \describe ?
checkRd: (-1) render.d3movie.Rd:116: Lost braces in \itemize; meant \describe ?
checkRd: (-1) render.d3movie.Rd:117: Lost braces in \itemize; meant \describe ?
checkRd: (-1) render.d3movie.Rd:118: Lost braces in \itemize; meant \describe ?
checkRd: (-1) render.d3movie.Rd:119: Lost braces in \itemize; meant \describe ?
checkRd: (-1) render.d3movie.Rd:126: Lost braces in \itemize; meant \describe ?
checkRd: (-1) render.d3movie.Rd:127: Lost braces in \itemize; meant \describe ?
checkRd: (-1) render.d3movie.Rd:136: Lost braces in \itemize; meant \describe ?
checkRd: (-1) render.d3movie.Rd:137: Lost braces in \itemize; meant \describe ?
checkRd: (-1) render.d3movie.Rd:138: Lost braces in \itemize; meant \describe ?
checkRd: (-1) render.d3movie.Rd:139: Lost braces in \itemize; meant \describe ?
checkRd: (-1) render.d3movie.Rd:141: Lost braces in \itemize; meant \describe ?
checkRd: (-1) render.d3movie.Rd:142: Lost braces in \itemize; meant \describe ?
checkRd: (-1) render.d3movie.Rd:143: Lost braces in \itemize; meant \describe ?
checkRd: (-1) render.d3movie.Rd:144: Lost braces in \itemize; meant \describe ?
Flavors: r-devel-windows-x86_64, r-release-windows-x86_64