Last updated on 2024-05-28 12:56:22 CEST.
Flavor | Version | Tinstall | Tcheck | Ttotal | Status | Flags |
---|---|---|---|---|---|---|
r-devel-linux-x86_64-debian-clang | 0.1.4 | 16.14 | 115.78 | 131.92 | OK | |
r-devel-linux-x86_64-debian-gcc | 0.1.4 | 12.45 | 85.40 | 97.85 | OK | |
r-devel-linux-x86_64-fedora-clang | 0.1.4 | 162.55 | NOTE | |||
r-devel-linux-x86_64-fedora-gcc | 0.1.4 | 161.03 | OK | |||
r-devel-windows-x86_64 | 0.1.4 | 14.00 | 95.00 | 109.00 | OK | |
r-patched-linux-x86_64 | 0.1.4 | 15.05 | 112.56 | 127.61 | OK | |
r-release-linux-x86_64 | 0.1.4 | 9.47 | 112.22 | 121.69 | OK | |
r-release-macos-arm64 | 0.1.4 | 45.00 | OK | |||
r-release-macos-x86_64 | 0.1.4 | 106.00 | OK | |||
r-release-windows-x86_64 | 0.1.4 | 13.00 | 112.00 | 125.00 | OK | |
r-oldrel-macos-arm64 | 0.1.4 | 61.00 | OK | |||
r-oldrel-macos-x86_64 | 0.1.4 | 116.00 | OK | |||
r-oldrel-windows-x86_64 | 0.1.4 | 17.00 | 117.00 | 134.00 | OK |
Version: 0.1.4
Check: Rd cross-references
Result: NOTE
Undeclared package ‘mediation’ in Rd xrefs
Flavor: r-devel-linux-x86_64-fedora-clang