Last updated on 2025-07-08 13:49:14 CEST.
Flavor | Version | Tinstall | Tcheck | Ttotal | Status | Flags |
---|---|---|---|---|---|---|
r-devel-linux-x86_64-debian-clang | 1.2.4 | 110.92 | 112.55 | 223.47 | OK | |
r-devel-linux-x86_64-debian-gcc | 1.2.4 | 71.90 | 84.67 | 156.57 | OK | |
r-devel-linux-x86_64-fedora-clang | 1.2.4 | 396.88 | OK | |||
r-devel-linux-x86_64-fedora-gcc | 1.2.4 | 370.42 | OK | |||
r-devel-windows-x86_64 | 1.2.4 | 118.00 | 153.00 | 271.00 | OK | |
r-patched-linux-x86_64 | 1.2.4 | 107.19 | 105.76 | 212.95 | OK | |
r-release-linux-x86_64 | 1.2.4 | 100.16 | 106.56 | 206.72 | OK | |
r-release-macos-arm64 | 1.2.4 | 117.00 | OK | |||
r-release-macos-x86_64 | 1.2.4 | 164.00 | OK | |||
r-release-windows-x86_64 | 1.2.4 | 126.00 | 148.00 | 274.00 | OK | |
r-oldrel-macos-arm64 | 1.2.4 | 122.00 | NOTE | |||
r-oldrel-macos-x86_64 | 1.2.4 | 210.00 | NOTE | |||
r-oldrel-windows-x86_64 | 1.2.4 | 149.00 | 183.00 | 332.00 | OK |
Version: 1.2.4
Check: installed package size
Result: NOTE
installed size is 7.4Mb
sub-directories of 1Mb or more:
doc 1.7Mb
libs 5.4Mb
Flavors: r-oldrel-macos-arm64, r-oldrel-macos-x86_64