Last updated on 2025-11-28 00:49:59 CET.
| Flavor | Version | Tinstall | Tcheck | Ttotal | Status | Flags |
|---|---|---|---|---|---|---|
| r-devel-linux-x86_64-debian-clang | 2.2 | 26.83 | 72.41 | 99.24 | NOTE | |
| r-devel-linux-x86_64-debian-gcc | 2.2 | 22.27 | 54.40 | 76.67 | NOTE | |
| r-devel-linux-x86_64-fedora-clang | 2.2 | 156.00 | 3.13 | 159.13 | WARN | |
| r-devel-linux-x86_64-fedora-gcc | 2.2 | 141.00 | 25.60 | 166.60 | WARN | |
| r-devel-windows-x86_64 | 2.2 | 30.00 | 95.00 | 125.00 | NOTE | |
| r-patched-linux-x86_64 | 2.2 | 30.54 | 68.71 | 99.25 | NOTE | |
| r-release-linux-x86_64 | 2.2 | 28.07 | 68.60 | 96.67 | NOTE | |
| r-release-macos-arm64 | 2.2 | NOTE | ||||
| r-release-macos-x86_64 | 2.2 | 32.00 | 66.00 | 98.00 | NOTE | |
| r-release-windows-x86_64 | 2.2 | 29.00 | 118.00 | 147.00 | NOTE | |
| r-oldrel-macos-arm64 | 2.2 | NOTE | ||||
| r-oldrel-macos-x86_64 | 2.2 | 36.00 | 79.00 | 115.00 | NOTE | |
| r-oldrel-windows-x86_64 | 2.2 | 36.00 | 123.00 | 159.00 | NOTE |
Version: 2.2
Check: C++ specification
Result: NOTE
Specified C++14: please drop specification unless essential
Flavors: r-devel-linux-x86_64-debian-clang, r-devel-windows-x86_64, r-patched-linux-x86_64, r-release-linux-x86_64, r-release-macos-arm64, r-release-macos-x86_64, r-release-windows-x86_64, r-oldrel-macos-arm64, r-oldrel-macos-x86_64, r-oldrel-windows-x86_64
Version: 2.2
Check: C++ specification
Result: NOTE
Specified C++14: support will be removed soon
Flavors: r-devel-linux-x86_64-debian-gcc, r-devel-linux-x86_64-fedora-clang, r-devel-linux-x86_64-fedora-gcc
Version: 2.2
Check: whether package can be installed
Result: WARN
Found the following significant warnings:
./dinfo.h:277:31: warning: 'iterator<std::input_iterator_tag, unsigned long>' is deprecated [-Wdeprecated-declarations]
See ‘/data/gannet/ripley/R/packages/tests-clang/nftbart.Rcheck/00install.out’ for details.
* used C compiler: ‘clang version 21.1.6’
* used C++ compiler: ‘clang version 21.1.6’
Flavor: r-devel-linux-x86_64-fedora-clang
Version: 2.2
Check: whether package can be installed
Result: WARN
Found the following significant warnings:
dinfo.h:277:31: warning: ‘template<class _Category, class _Tp, class _Distance, class _Pointer, class _Reference> struct std::iterator’ is deprecated [-Wdeprecated-declarations]
See ‘/data/gannet/ripley/R/packages/tests-devel/nftbart.Rcheck/00install.out’ for details.
* used C compiler: ‘gcc (GCC) 15.1.1 20250521 (Red Hat 15.1.1-2)’
* used C++ compiler: ‘g++ (GCC) 15.1.1 20250521 (Red Hat 15.1.1-2)’
Flavor: r-devel-linux-x86_64-fedora-gcc