Last updated on 2025-10-31 13:50:56 CET.
| Flavor | Version | Tinstall | Tcheck | Ttotal | Status | Flags | 
|---|---|---|---|---|---|---|
| r-devel-linux-x86_64-debian-clang | 1.0.0 | 2.36 | 21.05 | 23.41 | NOTE | |
| r-devel-linux-x86_64-debian-gcc | 1.0.0 | 1.67 | 16.70 | 18.37 | NOTE | |
| r-devel-linux-x86_64-fedora-clang | 1.0.0 | 34.33 | OK | |||
| r-devel-linux-x86_64-fedora-gcc | 1.0.0 | 33.44 | OK | |||
| r-devel-windows-x86_64 | 1.0.0 | 3.00 | 39.00 | 42.00 | OK | |
| r-patched-linux-x86_64 | 1.0.0 | 2.26 | 19.39 | 21.65 | OK | |
| r-release-linux-x86_64 | 1.0.0 | 1.99 | 19.52 | 21.51 | OK | |
| r-release-macos-arm64 | 1.0.0 | 1.00 | 14.00 | 15.00 | OK | |
| r-release-macos-x86_64 | 1.0.0 | 3.00 | 24.00 | 27.00 | OK | |
| r-release-windows-x86_64 | 1.0.0 | 4.00 | 54.00 | 58.00 | OK | |
| r-oldrel-macos-arm64 | 1.0.0 | 1.00 | 16.00 | 17.00 | OK | |
| r-oldrel-macos-x86_64 | 1.0.0 | 2.00 | 22.00 | 24.00 | OK | |
| r-oldrel-windows-x86_64 | 1.0.0 | 3.00 | 38.00 | 41.00 | OK | 
Version: 1.0.0
Check: CRAN incoming feasibility
Result: NOTE
  Maintainer: ‘Timothy Koscik <timothy-koscik@uiowa.edu>’
  
  No Authors@R field in DESCRIPTION.
  Please add one, modifying
    Authors@R: c(person(given = c("Timothy", "R."),
                        family = "Koscik",
                        role = c("aut", "cre", "cph")),
                 person(given = "Timothy",
                        family = "Koscik",
                        role = "cre",
                        email = "timothy-koscik@uiowa.edu"))
  as necessary.
Flavors: r-devel-linux-x86_64-debian-clang, r-devel-linux-x86_64-debian-gcc