CRAN Package Check Results for Package nimbleCarbon

Last updated on 2025-07-08 13:49:14 CEST.

Flavor Version Tinstall Tcheck Ttotal Status Flags
r-devel-linux-x86_64-debian-clang 0.2.5 15.96 137.71 153.67 NOTE
r-devel-linux-x86_64-debian-gcc 0.2.5 11.98 109.30 121.28 NOTE
r-devel-linux-x86_64-fedora-clang 0.2.5 238.74 NOTE
r-devel-linux-x86_64-fedora-gcc 0.2.5 247.52 NOTE
r-devel-windows-x86_64 0.2.5 15.00 138.00 153.00 NOTE
r-patched-linux-x86_64 0.2.5 16.78 131.87 148.65 NOTE
r-release-linux-x86_64 0.2.5 15.47 131.81 147.28 NOTE
r-release-macos-arm64 0.2.5 129.00 NOTE
r-release-macos-x86_64 0.2.5 138.00 NOTE
r-release-windows-x86_64 0.2.5 18.00 137.00 155.00 NOTE
r-oldrel-macos-arm64 0.2.5 72.00 NOTE
r-oldrel-macos-x86_64 0.2.5 105.00 NOTE
r-oldrel-windows-x86_64 0.2.5 22.00 173.00 195.00 NOTE

Check Details

Version: 0.2.5
Check: Rd files
Result: NOTE checkRd: (-1) postPredSPD.Rd:53: Lost braces in \itemize; \value handles \item{}{} directly checkRd: (-1) postPredSPD.Rd:54: Lost braces in \itemize; \value handles \item{}{} directly Flavors: r-devel-linux-x86_64-debian-clang, r-devel-linux-x86_64-debian-gcc, r-devel-linux-x86_64-fedora-clang, r-devel-linux-x86_64-fedora-gcc, r-devel-windows-x86_64, r-patched-linux-x86_64, r-release-linux-x86_64, r-release-macos-arm64, r-release-macos-x86_64, r-release-windows-x86_64, r-oldrel-macos-arm64, r-oldrel-macos-x86_64, r-oldrel-windows-x86_64

Version: 0.2.5
Check: Rd cross-references
Result: NOTE Found the following Rd file(s) with Rd \link{} targets missing package anchors: compare.models.Rd: nimbleMCMC, runMCMC Please provide package anchors for all Rd \link{} targets not in the package itself and the base packages. Flavors: r-devel-linux-x86_64-debian-clang, r-devel-linux-x86_64-debian-gcc, r-devel-windows-x86_64, r-patched-linux-x86_64, r-release-linux-x86_64, r-release-windows-x86_64