Last updated on 2025-10-31 13:50:56 CET.
| Flavor | Version | Tinstall | Tcheck | Ttotal | Status | Flags | 
|---|---|---|---|---|---|---|
| r-devel-linux-x86_64-debian-clang | 0.3 | 2.51 | 31.38 | 33.89 | NOTE | |
| r-devel-linux-x86_64-debian-gcc | 0.3 | 2.13 | 23.58 | 25.71 | NOTE | |
| r-devel-linux-x86_64-fedora-clang | 0.3 | 51.44 | OK | |||
| r-devel-linux-x86_64-fedora-gcc | 0.3 | 48.99 | OK | |||
| r-devel-windows-x86_64 | 0.3 | 4.00 | 48.00 | 52.00 | OK | |
| r-patched-linux-x86_64 | 0.3 | 3.12 | 29.12 | 32.24 | OK | |
| r-release-linux-x86_64 | 0.3 | 2.65 | 29.37 | 32.02 | OK | |
| r-release-macos-arm64 | 0.3 | 2.00 | 21.00 | 23.00 | OK | |
| r-release-macos-x86_64 | 0.3 | 3.00 | 42.00 | 45.00 | OK | |
| r-release-windows-x86_64 | 0.3 | 3.00 | 54.00 | 57.00 | OK | |
| r-oldrel-macos-arm64 | 0.3 | 1.00 | 16.00 | 17.00 | OK | |
| r-oldrel-macos-x86_64 | 0.3 | 3.00 | 34.00 | 37.00 | OK | |
| r-oldrel-windows-x86_64 | 0.3 | 3.00 | 49.00 | 52.00 | OK | 
Version: 0.3
Check: CRAN incoming feasibility
Result: NOTE
  Maintainer: ‘Baidya Nath Mandal <mandal.stat@gmail.com>’
  
  No Authors@R field in DESCRIPTION.
  Please add one, modifying
    Authors@R: c(person(given = c("Baidya", "Nath"),
                        family = "Mandal",
                        role = c("aut", "cre"),
                        email = "mandal.stat@gmail.com"),
                 person(given = "Jun",
                        family = "Ma",
                        role = "aut",
                        email = "jun.ma@mq.edu.au"))
  as necessary.
Flavors: r-devel-linux-x86_64-debian-clang, r-devel-linux-x86_64-debian-gcc