Last updated on 2025-10-31 13:50:56 CET.
| Flavor | Version | Tinstall | Tcheck | Ttotal | Status | Flags | 
|---|---|---|---|---|---|---|
| r-devel-linux-x86_64-debian-clang | 1.0.2 | 2.14 | 21.34 | 23.48 | NOTE | |
| r-devel-linux-x86_64-debian-gcc | 1.0.2 | 1.55 | 16.90 | 18.45 | NOTE | |
| r-devel-linux-x86_64-fedora-clang | 1.0.2 | 34.56 | OK | |||
| r-devel-linux-x86_64-fedora-gcc | 1.0.2 | 33.89 | OK | |||
| r-devel-windows-x86_64 | 1.0.2 | 3.00 | 40.00 | 43.00 | OK | |
| r-patched-linux-x86_64 | 1.0.2 | 1.86 | 20.16 | 22.02 | OK | |
| r-release-linux-x86_64 | 1.0.2 | 1.92 | 20.17 | 22.09 | OK | |
| r-release-macos-arm64 | 1.0.2 | 1.00 | 17.00 | 18.00 | OK | |
| r-release-macos-x86_64 | 1.0.2 | 2.00 | 28.00 | 30.00 | OK | |
| r-release-windows-x86_64 | 1.0.2 | 3.00 | 46.00 | 49.00 | OK | |
| r-oldrel-macos-arm64 | 1.0.2 | 1.00 | 15.00 | 16.00 | NOTE | |
| r-oldrel-macos-x86_64 | 1.0.2 | 2.00 | 19.00 | 21.00 | NOTE | |
| r-oldrel-windows-x86_64 | 1.0.2 | 3.00 | 41.00 | 44.00 | NOTE | 
Version: 1.0.2
Check: CRAN incoming feasibility
Result: NOTE
  Maintainer: ‘D. Lukke Sweet <dlukkesweet@gmail.com>’
  
  No Authors@R field in DESCRIPTION.
  Please add one, modifying
    Authors@R: person(given = c("D.", "Lukke"),
                      family = "Sweet",
                      role = c("aut", "cre"),
                      email = "dlukkesweet@gmail.com")
  as necessary.
Flavors: r-devel-linux-x86_64-debian-clang, r-devel-linux-x86_64-debian-gcc
Version: 1.0.2
Check: LazyData
Result: NOTE
    'LazyData' is specified without a 'data' directory
Flavors: r-oldrel-macos-arm64, r-oldrel-macos-x86_64, r-oldrel-windows-x86_64