Last updated on 2025-10-31 13:50:57 CET.
| Flavor | Version | Tinstall | Tcheck | Ttotal | Status | Flags | 
|---|---|---|---|---|---|---|
| r-devel-linux-x86_64-debian-clang | 1.1-4 | 2.09 | 25.17 | 27.26 | NOTE | |
| r-devel-linux-x86_64-debian-gcc | 1.1-4 | 1.67 | 20.63 | 22.30 | NOTE | |
| r-devel-linux-x86_64-fedora-clang | 1.1-4 | 40.20 | OK | |||
| r-devel-linux-x86_64-fedora-gcc | 1.1-4 | 51.96 | OK | |||
| r-devel-windows-x86_64 | 1.1-4 | 3.00 | 47.00 | 50.00 | OK | |
| r-patched-linux-x86_64 | 1.1-4 | 1.86 | 23.77 | 25.63 | OK | |
| r-release-linux-x86_64 | 1.1-4 | 2.19 | 24.09 | 26.28 | OK | |
| r-release-macos-arm64 | 1.1-4 | 1.00 | 27.00 | 28.00 | OK | |
| r-release-macos-x86_64 | 1.1-4 | 3.00 | 47.00 | 50.00 | OK | |
| r-release-windows-x86_64 | 1.1-4 | 3.00 | 61.00 | 64.00 | OK | |
| r-oldrel-macos-arm64 | 1.1-4 | 1.00 | 20.00 | 21.00 | OK | |
| r-oldrel-macos-x86_64 | 1.1-4 | 2.00 | 30.00 | 32.00 | OK | |
| r-oldrel-windows-x86_64 | 1.1-4 | 3.00 | 51.00 | 54.00 | OK | 
Version: 1.1-4
Check: CRAN incoming feasibility
Result: NOTE
  Maintainer: ‘Terry Therneau <terry.therneau@mayo.edu>’
  
  No Authors@R field in DESCRIPTION.
  Please add one, modifying
    Authors@R: person(given = "Terry",
                      family = "Therneau",
                      role = c("aut", "cre"),
                      email = "terry.therneau@mayo.edu")
  as necessary.
Flavors: r-devel-linux-x86_64-debian-clang, r-devel-linux-x86_64-debian-gcc