Last updated on 2025-10-31 13:50:57 CET.
| Flavor | Version | Tinstall | Tcheck | Ttotal | Status | Flags | 
|---|---|---|---|---|---|---|
| r-devel-linux-x86_64-debian-clang | 4.7 | 2.65 | 25.54 | 28.19 | NOTE | |
| r-devel-linux-x86_64-debian-gcc | 4.7 | 2.08 | 20.10 | 22.18 | NOTE | |
| r-devel-linux-x86_64-fedora-clang | 4.7 | 42.82 | OK | |||
| r-devel-linux-x86_64-fedora-gcc | 4.7 | 39.83 | OK | |||
| r-devel-windows-x86_64 | 4.7 | 4.00 | 41.00 | 45.00 | OK | |
| r-patched-linux-x86_64 | 4.7 | 3.01 | 23.92 | 26.93 | OK | |
| r-release-linux-x86_64 | 4.7 | 2.72 | 24.14 | 26.86 | OK | |
| r-release-macos-arm64 | 4.7 | 2.00 | 17.00 | 19.00 | OK | |
| r-release-macos-x86_64 | 4.7 | 3.00 | 30.00 | 33.00 | OK | |
| r-release-windows-x86_64 | 4.7 | 3.00 | 46.00 | 49.00 | OK | |
| r-oldrel-macos-arm64 | 4.7 | 1.00 | 15.00 | 16.00 | OK | |
| r-oldrel-macos-x86_64 | 4.7 | 2.00 | 21.00 | 23.00 | OK | |
| r-oldrel-windows-x86_64 | 4.7 | 4.00 | 41.00 | 45.00 | OK | 
Version: 4.7
Check: CRAN incoming feasibility
Result: NOTE
  Maintainer: ‘Daniel E. Weeks <weeks@pitt.edu>’
  
  No Authors@R field in DESCRIPTION.
  Please add one, modifying
    Authors@R: c(person(given = c("Robert", "V"),
                        family = "Baron",
                        role = "aut",
                        email = "rvb5@pitt.edu"),
                 person(given = "Nandita",
                        family = "Mukhopadhyay",
                        role = "aut"),
                 person(given = "Xinyu",
                        family = "Tang",
                        role = "aut"),
                 person(given = c("Daniel", "E."),
                        family = "Weeks",
                        role = c("aut", "cre"),
                        email = "weeks@pitt.edu"))
  as necessary.
Flavors: r-devel-linux-x86_64-debian-clang, r-devel-linux-x86_64-debian-gcc