Last updated on 2025-11-14 00:50:52 CET.
| Flavor | Version | Tinstall | Tcheck | Ttotal | Status | Flags |
|---|---|---|---|---|---|---|
| r-devel-linux-x86_64-debian-clang | 1.1.0 | 16.11 | 88.47 | 104.58 | NOTE | |
| r-devel-linux-x86_64-debian-gcc | 1.1.0 | 10.10 | 56.91 | 67.01 | NOTE | |
| r-devel-linux-x86_64-fedora-clang | 1.1.0 | 37.00 | 128.98 | 165.98 | OK | |
| r-devel-linux-x86_64-fedora-gcc | 1.1.0 | 36.00 | 116.23 | 152.23 | OK | |
| r-devel-windows-x86_64 | 1.1.0 | 16.00 | 101.00 | 117.00 | OK | |
| r-patched-linux-x86_64 | 1.1.0 | 16.77 | 86.03 | 102.80 | OK | |
| r-release-linux-x86_64 | 1.1.0 | 15.24 | 85.09 | 100.33 | OK | |
| r-release-macos-arm64 | 1.1.0 | 8.00 | 36.00 | 44.00 | OK | |
| r-release-macos-x86_64 | 1.1.0 | 18.00 | 76.00 | 94.00 | OK | |
| r-release-windows-x86_64 | 1.1.0 | 17.00 | 100.00 | 117.00 | OK | |
| r-oldrel-macos-arm64 | 1.1.0 | 6.00 | 31.00 | 37.00 | OK | |
| r-oldrel-macos-x86_64 | 1.1.0 | 10.00 | 50.00 | 60.00 | OK | |
| r-oldrel-windows-x86_64 | 1.1.0 | 20.00 | 116.00 | 136.00 | OK |
Version: 1.1.0
Check: CRAN incoming feasibility
Result: NOTE
Maintainer: ‘Nathaniel E. Helwig <helwig@umn.edu>’
No Authors@R field in DESCRIPTION.
Please add one, modifying
Authors@R: person(given = c("Nathaniel", "E."),
family = "Helwig",
role = c("aut", "cre"),
email = "helwig@umn.edu")
as necessary.
Flavors: r-devel-linux-x86_64-debian-clang, r-devel-linux-x86_64-debian-gcc