CRAN Package Check Results for Package npsf

Last updated on 2025-07-08 13:49:15 CEST.

Flavor Version Tinstall Tcheck Ttotal Status Flags
r-devel-linux-x86_64-debian-clang 0.8.0 25.33 71.87 97.20 NOTE
r-devel-linux-x86_64-debian-gcc 0.8.0 15.64 49.15 64.79 NOTE
r-devel-linux-x86_64-fedora-clang 0.8.0 171.93 OK
r-devel-linux-x86_64-fedora-gcc 0.8.0 142.25 OK
r-devel-windows-x86_64 0.8.0 27.00 105.00 132.00 OK
r-patched-linux-x86_64 0.8.0 23.93 65.78 89.71 OK
r-release-linux-x86_64 0.8.0 22.68 67.12 89.80 OK
r-release-macos-arm64 0.8.0 40.00 OK
r-release-macos-x86_64 0.8.0 81.00 OK
r-release-windows-x86_64 0.8.0 28.00 110.00 138.00 OK
r-oldrel-macos-arm64 0.8.0 38.00 NOTE
r-oldrel-macos-x86_64 0.8.0 57.00 NOTE
r-oldrel-windows-x86_64 0.8.0 33.00 131.00 164.00 OK

Check Details

Version: 0.8.0
Check: CRAN incoming feasibility
Result: NOTE Maintainer: ‘Oleg Badunenko <oleg.badunenko@brunel.ac.uk>’ No Authors@R field in DESCRIPTION. Please add one, modifying Authors@R: c(person(given = "Oleg", family = "Badunenko", role = c("aut", "cre"), email = "oleg.badunenko@brunel.ac.uk"), person(given = "Pavlo", family = "Mozharovskyi", role = "aut"), person(given = "Yaryna", family = "Kolomiytseva", role = "aut")) as necessary. Flavors: r-devel-linux-x86_64-debian-clang, r-devel-linux-x86_64-debian-gcc

Version: 0.8.0
Check: package dependencies
Result: NOTE Package suggested but not available for checking: ‘Rmpi’ Flavors: r-oldrel-macos-arm64, r-oldrel-macos-x86_64