Last updated on 2025-10-31 13:50:57 CET.
| Flavor | Version | Tinstall | Tcheck | Ttotal | Status | Flags | 
|---|---|---|---|---|---|---|
| r-devel-linux-x86_64-debian-clang | 0.1.2 | 7.22 | 84.22 | 91.44 | NOTE | |
| r-devel-linux-x86_64-debian-gcc | 0.1.2 | 6.15 | 64.04 | 70.19 | NOTE | |
| r-devel-linux-x86_64-fedora-clang | 0.1.2 | 21.00 | 121.64 | 142.64 | OK | |
| r-devel-linux-x86_64-fedora-gcc | 0.1.2 | 17.00 | 118.54 | 135.54 | OK | |
| r-devel-windows-x86_64 | 0.1.2 | 10.00 | 90.00 | 100.00 | NOTE | |
| r-patched-linux-x86_64 | 0.1.2 | 7.75 | 79.86 | 87.61 | NOTE | |
| r-release-linux-x86_64 | 0.1.2 | 7.98 | 79.59 | 87.57 | NOTE | |
| r-release-macos-arm64 | 0.1.2 | 4.00 | 43.00 | 47.00 | OK | |
| r-release-macos-x86_64 | 0.1.2 | 8.00 | 68.00 | 76.00 | OK | |
| r-release-windows-x86_64 | 0.1.2 | 11.00 | 93.00 | 104.00 | NOTE | |
| r-oldrel-macos-arm64 | 0.1.2 | 4.00 | 38.00 | 42.00 | OK | |
| r-oldrel-macos-x86_64 | 0.1.2 | 6.00 | 56.00 | 62.00 | OK | |
| r-oldrel-windows-x86_64 | 0.1.2 | 14.00 | 111.00 | 125.00 | OK | 
Version: 0.1.2
Check: CRAN incoming feasibility
Result: NOTE
  Maintainer: ‘Pariya Behrouzi <pariya.behrouzi@gmail.com>’
  
  No Authors@R field in DESCRIPTION.
  Please add one, modifying
    Authors@R: person(given = "Pariya",
                      family = "Behrouzi",
                      role = c("aut", "cre"),
                      email = "https://orcid.org/0000-0001-6762-5433")
  as necessary.
Flavors: r-devel-linux-x86_64-debian-clang, r-devel-linux-x86_64-debian-gcc
Version: 0.1.2
Check: Rd cross-references
Result: NOTE
  Found the following Rd file(s) with Rd \link{} targets missing package
  anchors:
    plot.select.Rd: select
  Please provide package anchors for all Rd \link{} targets not in the
  package itself and the base packages.
Flavors: r-devel-linux-x86_64-debian-clang, r-devel-linux-x86_64-debian-gcc, r-devel-windows-x86_64, r-patched-linux-x86_64, r-release-linux-x86_64, r-release-windows-x86_64