Last updated on 2025-11-28 00:49:59 CET.
| Flavor | Version | Tinstall | Tcheck | Ttotal | Status | Flags |
|---|---|---|---|---|---|---|
| r-devel-linux-x86_64-debian-clang | 1.0.2 | 17.13 | 47.21 | 64.34 | OK | |
| r-devel-linux-x86_64-debian-gcc | 1.0.2 | 13.05 | 35.42 | 48.47 | OK | |
| r-devel-linux-x86_64-fedora-clang | 1.0.2 | 34.00 | 60.86 | 94.86 | OK | |
| r-devel-linux-x86_64-fedora-gcc | 1.0.2 | 38.00 | 55.86 | 93.86 | OK | |
| r-devel-windows-x86_64 | 1.0.2 | 19.00 | 56.00 | 75.00 | OK | |
| r-patched-linux-x86_64 | 1.0.2 | 15.72 | 43.88 | 59.60 | OK | |
| r-release-linux-x86_64 | 1.0.2 | 16.74 | 45.06 | 61.80 | OK | |
| r-release-macos-arm64 | 1.0.2 | OK | ||||
| r-release-macos-x86_64 | 1.0.2 | 24.00 | 63.00 | 87.00 | OK | |
| r-release-windows-x86_64 | 1.0.2 | 18.00 | 62.00 | 80.00 | OK | |
| r-oldrel-macos-arm64 | 1.0.2 | NOTE | ||||
| r-oldrel-macos-x86_64 | 1.0.2 | 16.00 | 43.00 | 59.00 | NOTE | |
| r-oldrel-windows-x86_64 | 1.0.2 | 26.00 | 73.00 | 99.00 | OK |
Version: 1.0.2
Check: installed package size
Result: NOTE
installed size is 5.2Mb
sub-directories of 1Mb or more:
data 5.1Mb
Flavors: r-oldrel-macos-arm64, r-oldrel-macos-x86_64