CRAN Package Check Results for Package oclust

Last updated on 2025-07-08 13:49:15 CEST.

Flavor Version Tinstall Tcheck Ttotal Status Flags
r-devel-linux-x86_64-debian-clang 0.2.0 3.56 28.23 31.79 NOTE
r-devel-linux-x86_64-debian-gcc 0.2.0 2.44 22.38 24.82 NOTE
r-devel-linux-x86_64-fedora-clang 1.0.0 159.43 OK
r-devel-linux-x86_64-fedora-gcc 1.0.0 142.10 OK
r-devel-windows-x86_64 0.2.0 4.00 48.00 52.00 OK
r-patched-linux-x86_64 0.2.0 3.76 26.40 30.16 OK
r-release-linux-x86_64 0.2.0 3.48 26.67 30.15 OK
r-release-macos-arm64 0.2.0 20.00 OK
r-release-macos-x86_64 1.0.0 62.00 OK
r-release-windows-x86_64 0.2.0 4.00 48.00 52.00 OK
r-oldrel-macos-arm64 0.2.0 19.00 OK
r-oldrel-macos-x86_64 1.0.0 69.00 OK
r-oldrel-windows-x86_64 0.2.0 6.00 51.00 57.00 OK

Check Details

Version: 0.2.0
Check: CRAN incoming feasibility
Result: NOTE Maintainer: ‘Paul D. McNicholas <paulmc@mcmaster.ca>’ The Description field contains (2022) <arXiv:1907.01136>. Please refer to arXiv e-prints via their arXiv DOI <doi:10.48550/arXiv.YYMM.NNNNN>. Flavors: r-devel-linux-x86_64-debian-clang, r-devel-linux-x86_64-debian-gcc