Last updated on 2024-07-18 01:55:38 CEST.
Flavor | Version | Tinstall | Tcheck | Ttotal | Status | Flags |
---|---|---|---|---|---|---|
r-devel-linux-x86_64-debian-clang | 3.0.0.0 | 5.67 | 56.04 | 61.71 | NOTE | |
r-devel-linux-x86_64-debian-gcc | 3.0.0.0 | 4.87 | 41.96 | 46.83 | NOTE | |
r-devel-linux-x86_64-fedora-clang | 3.0.0.0 | 78.18 | NOTE | |||
r-devel-linux-x86_64-fedora-gcc | 3.0.0.0 | 85.52 | NOTE | |||
r-devel-windows-x86_64 | 3.0.0.0 | 6.00 | 82.00 | 88.00 | NOTE | |
r-patched-linux-x86_64 | 3.0.0.0 | 9.89 | 53.40 | 63.29 | NOTE | |
r-release-linux-x86_64 | 3.0.0.0 | 6.16 | 53.96 | 60.12 | NOTE | |
r-release-macos-arm64 | 3.0.0.0 | 31.00 | NOTE | |||
r-release-macos-x86_64 | 3.0.0.0 | 68.00 | NOTE | |||
r-release-windows-x86_64 | 3.0.0.0 | 6.00 | 82.00 | 88.00 | NOTE | |
r-oldrel-macos-arm64 | 3.0.0.0 | 35.00 | OK | |||
r-oldrel-macos-x86_64 | 3.0.0.0 | 51.00 | OK | |||
r-oldrel-windows-x86_64 | 3.0.0.0 | 8.00 | 81.00 | 89.00 | OK |
Version: 3.0.0.0
Check: Rd files
Result: NOTE
checkRd: (-1) formula.oglmx.Rd:49: Lost braces
49 | \code{\link{oglmx}}, code{\link[lmtest]{lrtest}}, code{\link{formula}}.
| ^
checkRd: (-1) formula.oglmx.Rd:49: Lost braces
49 | \code{\link{oglmx}}, code{\link[lmtest]{lrtest}}, code{\link{formula}}.
| ^
Flavors: r-devel-linux-x86_64-debian-clang, r-devel-linux-x86_64-debian-gcc, r-devel-linux-x86_64-fedora-clang, r-devel-linux-x86_64-fedora-gcc, r-devel-windows-x86_64, r-patched-linux-x86_64, r-release-linux-x86_64, r-release-macos-arm64, r-release-macos-x86_64, r-release-windows-x86_64
Version: 3.0.0.0
Check: Rd cross-references
Result: NOTE
Found the following Rd file(s) with Rd \link{} targets missing package
anchors:
oglmx.Rd: maxNR, maxLik, polr
Please provide package anchors for all Rd \link{} targets not in the
package itself and the base packages.
Flavor: r-devel-windows-x86_64