Last updated on 2025-10-31 13:50:57 CET.
| Flavor | Version | Tinstall | Tcheck | Ttotal | Status | Flags | 
|---|---|---|---|---|---|---|
| r-devel-linux-x86_64-debian-clang | 1.0.2.1 | 2.18 | 30.40 | 32.58 | OK | |
| r-devel-linux-x86_64-debian-gcc | 1.0.2.1 | 1.43 | 24.47 | 25.90 | OK | |
| r-devel-linux-x86_64-fedora-clang | 1.0.2.1 | 49.10 | OK | |||
| r-devel-linux-x86_64-fedora-gcc | 1.0.2.1 | 45.33 | OK | |||
| r-devel-windows-x86_64 | 1.0.2.1 | 5.00 | 50.00 | 55.00 | OK | |
| r-patched-linux-x86_64 | 1.0.2.1 | 2.42 | 28.52 | 30.94 | OK | |
| r-release-linux-x86_64 | 1.0.2.1 | 2.20 | 28.65 | 30.85 | OK | |
| r-release-macos-arm64 | 1.0.2.1 | 2.00 | 33.00 | 35.00 | OK | |
| r-release-macos-x86_64 | 1.0.2.1 | 2.00 | 30.00 | 32.00 | OK | |
| r-release-windows-x86_64 | 1.0.2.1 | 5.00 | 61.00 | 66.00 | OK | |
| r-oldrel-macos-arm64 | 1.0.2.1 | 1.00 | 19.00 | 20.00 | NOTE | |
| r-oldrel-macos-x86_64 | 1.0.2.1 | 2.00 | 23.00 | 25.00 | NOTE | |
| r-oldrel-windows-x86_64 | 1.0.2.1 | 5.00 | 56.00 | 61.00 | NOTE | 
Version: 1.0.2.1
Check: LazyData
Result: NOTE
    'LazyData' is specified without a 'data' directory
Flavors: r-oldrel-macos-arm64, r-oldrel-macos-x86_64, r-oldrel-windows-x86_64