Last updated on 2025-10-31 13:50:57 CET.
| Flavor | Version | Tinstall | Tcheck | Ttotal | Status | Flags | 
|---|---|---|---|---|---|---|
| r-devel-linux-x86_64-debian-clang | 0.8.0 | 11.45 | 96.73 | 108.18 | NOTE | |
| r-devel-linux-x86_64-debian-gcc | 0.8.0 | 8.34 | 70.81 | 79.15 | NOTE | |
| r-devel-linux-x86_64-fedora-clang | 0.8.0 | 24.00 | 144.33 | 168.33 | OK | |
| r-devel-linux-x86_64-fedora-gcc | 0.8.0 | 20.00 | 150.71 | 170.71 | OK | |
| r-devel-windows-x86_64 | 0.8.0 | 12.00 | 152.00 | 164.00 | OK | |
| r-patched-linux-x86_64 | 0.8.0 | 10.79 | 91.50 | 102.29 | OK | |
| r-release-linux-x86_64 | 0.8.0 | 10.95 | 90.84 | 101.79 | OK | |
| r-release-macos-arm64 | 0.8.0 | 5.00 | 79.00 | 84.00 | OK | |
| r-release-macos-x86_64 | 0.8.0 | 10.00 | 163.00 | 173.00 | OK | |
| r-release-windows-x86_64 | 0.8.0 | 12.00 | 151.00 | 163.00 | OK | |
| r-oldrel-macos-arm64 | 0.8.0 | 5.00 | 76.00 | 81.00 | OK | |
| r-oldrel-macos-x86_64 | 0.8.0 | 8.00 | 114.00 | 122.00 | OK | |
| r-oldrel-windows-x86_64 | 0.8.0 | 16.00 | 200.00 | 216.00 | OK | 
Version: 0.8.0
Check: CRAN incoming feasibility
Result: NOTE
  Maintainer: ‘Fumihiko Takeuchi <fumihiko@takeuchi.name>’
  
  Found the following URLs which should use \doi (with the DOI name only):
    File ‘ctassoc.Rd’:
      https://doi.org/10.1080/03610927608827353
Flavors: r-devel-linux-x86_64-debian-clang, r-devel-linux-x86_64-debian-gcc