Last updated on 2025-10-31 13:50:57 CET.
| Flavor | Version | Tinstall | Tcheck | Ttotal | Status | Flags | 
|---|---|---|---|---|---|---|
| r-devel-linux-x86_64-debian-clang | 1.3 | 2.93 | 19.19 | 22.12 | NOTE | |
| r-devel-linux-x86_64-debian-gcc | 1.3 | 2.29 | 16.31 | 18.60 | NOTE | |
| r-devel-linux-x86_64-fedora-clang | 1.3 | 32.40 | OK | |||
| r-devel-linux-x86_64-fedora-gcc | 1.3 | 30.68 | OK | |||
| r-devel-windows-x86_64 | 1.3 | 7.00 | 36.00 | 43.00 | OK | |
| r-patched-linux-x86_64 | 1.3 | 2.67 | 18.12 | 20.79 | OK | |
| r-release-linux-x86_64 | 1.3 | 2.40 | 18.03 | 20.43 | OK | |
| r-release-macos-arm64 | 1.3 | 2.00 | 11.00 | 13.00 | OK | |
| r-release-macos-x86_64 | 1.3 | 4.00 | 20.00 | 24.00 | OK | |
| r-release-windows-x86_64 | 1.3 | 8.00 | 40.00 | 48.00 | OK | |
| r-oldrel-macos-arm64 | 1.3 | 2.00 | 14.00 | 16.00 | OK | |
| r-oldrel-macos-x86_64 | 1.3 | 3.00 | 19.00 | 22.00 | OK | |
| r-oldrel-windows-x86_64 | 1.3 | 6.00 | 37.00 | 43.00 | OK | 
Version: 1.3
Check: CRAN incoming feasibility
Result: NOTE
  Maintainer: ‘Jun Li <jli49@kent.edu>’
  
  No Authors@R field in DESCRIPTION.
  Please add one, modifying
    Authors@R: c(person(given = "Lingjun",
                        family = "Li",
                        role = "aut"),
                 person(given = "Jun",
                        family = "Li",
                        role = c("aut", "cre"),
                        email = "jli49@kent.edu"))
  as necessary.
  
  The Description field contains
    <arXiv:1911.07762>.
  Please refer to arXiv e-prints via their arXiv DOI <doi:10.48550/arXiv.YYMM.NNNNN>.
Flavors: r-devel-linux-x86_64-debian-clang, r-devel-linux-x86_64-debian-gcc