Last updated on 2024-05-27 02:48:11 CEST.
Flavor | Version | Tinstall | Tcheck | Ttotal | Status | Flags |
---|---|---|---|---|---|---|
r-devel-linux-x86_64-debian-clang | 1.1.3 | 18.71 | 168.05 | 186.76 | OK | |
r-devel-linux-x86_64-debian-gcc | 1.1.3 | 14.23 | 124.96 | 139.19 | OK | |
r-devel-linux-x86_64-fedora-clang | 1.1.3 | 237.67 | NOTE | |||
r-devel-linux-x86_64-fedora-gcc | 1.1.3 | 219.44 | NOTE | |||
r-devel-windows-x86_64 | 1.1.3 | 16.00 | 148.00 | 164.00 | OK | |
r-patched-linux-x86_64 | 1.1.3 | 18.21 | 165.30 | 183.51 | OK | |
r-release-linux-x86_64 | 1.1.3 | 12.28 | 151.88 | 164.16 | OK | |
r-release-macos-arm64 | 1.1.3 | 59.00 | OK | |||
r-release-windows-x86_64 | 1.1.3 | 17.00 | 148.00 | 165.00 | OK | |
r-oldrel-macos-arm64 | 1.1.3 | 76.00 | OK | |||
r-oldrel-macos-x86_64 | 1.1.3 | 142.00 | OK | |||
r-oldrel-windows-x86_64 | 1.1.3 | 23.00 | 190.00 | 213.00 | OK |
Version: 1.1.3
Check: data for non-ASCII characters
Result: NOTE
Note: found 42 marked UTF-8 strings
Flavors: r-devel-linux-x86_64-fedora-clang, r-devel-linux-x86_64-fedora-gcc