Last updated on 2025-10-31 13:50:57 CET.
| Flavor | Version | Tinstall | Tcheck | Ttotal | Status | Flags | 
|---|---|---|---|---|---|---|
| r-devel-linux-x86_64-debian-clang | 1.0.11 | 7.09 | 610.83 | 617.92 | NOTE | |
| r-devel-linux-x86_64-debian-gcc | 1.0.11 | 5.29 | 448.90 | 454.19 | NOTE | |
| r-devel-linux-x86_64-fedora-clang | 1.0.11 | 14.00 | 936.45 | 950.45 | OK | |
| r-devel-linux-x86_64-fedora-gcc | 1.0.11 | 65.00 | 995.32 | 1060.32 | OK | |
| r-devel-windows-x86_64 | 1.0.11 | 8.00 | 402.00 | 410.00 | OK | |
| r-patched-linux-x86_64 | 1.0.11 | 7.37 | 610.01 | 617.38 | OK | |
| r-release-linux-x86_64 | 1.0.11 | 6.60 | 611.42 | 618.02 | OK | |
| r-release-macos-arm64 | 1.0.11 | 4.00 | 216.00 | 220.00 | OK | |
| r-release-macos-x86_64 | 1.0.11 | 6.00 | 411.00 | 417.00 | OK | |
| r-release-windows-x86_64 | 1.0.11 | 9.00 | 391.00 | 400.00 | OK | |
| r-oldrel-macos-arm64 | 1.0.11 | 3.00 | 192.00 | 195.00 | OK | |
| r-oldrel-macos-x86_64 | 1.0.11 | 5.00 | 285.00 | 290.00 | OK | |
| r-oldrel-windows-x86_64 | 1.0.11 | 10.00 | 555.00 | 565.00 | OK | 
Version: 1.0.11
Check: CRAN incoming feasibility
Result: NOTE
  Maintainer: ‘Stijn Hawinkel <stijn.hawinkel@psb.ugent.be>’
  
  The BugReports field in DESCRIPTION has
    https://github.com/sthawinke/oosse
  which should likely be
    https://github.com/sthawinke/oosse/issues
  instead.
Flavors: r-devel-linux-x86_64-debian-clang, r-devel-linux-x86_64-debian-gcc