Last updated on 2025-11-01 00:50:06 CET.
| Flavor | Version | Tinstall | Tcheck | Ttotal | Status | Flags |
|---|---|---|---|---|---|---|
| r-devel-linux-x86_64-debian-clang | 4.2.8 | 87.17 | 125.74 | 212.91 | NOTE | |
| r-devel-linux-x86_64-debian-gcc | 4.2.8 | 65.45 | 82.77 | 148.22 | NOTE | |
| r-devel-linux-x86_64-fedora-clang | 4.2.8.1 | 249.00 | 76.96 | 325.96 | OK | |
| r-devel-linux-x86_64-fedora-gcc | 4.2.8.1 | 232.00 | 132.30 | 364.30 | OK | |
| r-devel-windows-x86_64 | 4.2.8 | 99.00 | 176.00 | 275.00 | OK | |
| r-patched-linux-x86_64 | 4.2.8 | 100.08 | 116.85 | 216.93 | OK | |
| r-release-linux-x86_64 | 4.2.8 | 101.10 | 114.49 | 215.59 | OK | |
| r-release-macos-arm64 | 4.2.8.1 | 39.00 | 130.00 | 169.00 | OK | |
| r-release-macos-x86_64 | 4.2.8.1 | 72.00 | 211.00 | 283.00 | OK | |
| r-release-windows-x86_64 | 4.2.8.1 | 96.00 | 176.00 | 272.00 | OK | |
| r-oldrel-macos-arm64 | 4.2.8.1 | 39.00 | 119.00 | 158.00 | NOTE | |
| r-oldrel-macos-x86_64 | 4.2.8.1 | 77.00 | 171.00 | 248.00 | NOTE | |
| r-oldrel-windows-x86_64 | 4.2.8 | 127.00 | 224.00 | 351.00 | OK |
Version: 4.2.8
Check: Rd files
Result: NOTE
checkRd: (-1) writeDataTable.Rd:70: height/width attributes should be in pixels
Flavors: r-devel-linux-x86_64-debian-clang, r-devel-linux-x86_64-debian-gcc
Version: 4.2.8.1
Check: installed package size
Result: NOTE
installed size is 7.5Mb
sub-directories of 1Mb or more:
extdata 1.2Mb
libs 5.1Mb
Flavors: r-oldrel-macos-arm64, r-oldrel-macos-x86_64