Last updated on 2025-10-31 13:50:57 CET.
| Flavor | Version | Tinstall | Tcheck | Ttotal | Status | Flags | 
|---|---|---|---|---|---|---|
| r-devel-linux-x86_64-debian-clang | 1.0 | 1.49 | 17.03 | 18.52 | NOTE | |
| r-devel-linux-x86_64-debian-gcc | 1.0 | 1.37 | 14.52 | 15.89 | NOTE | |
| r-devel-linux-x86_64-fedora-clang | 1.0 | 27.48 | OK | |||
| r-devel-linux-x86_64-fedora-gcc | 1.0 | 26.03 | OK | |||
| r-devel-windows-x86_64 | 1.0 | 3.00 | 33.00 | 36.00 | OK | |
| r-patched-linux-x86_64 | 1.0 | 1.50 | 16.12 | 17.62 | OK | |
| r-release-linux-x86_64 | 1.0 | 1.37 | 16.06 | 17.43 | OK | |
| r-release-macos-arm64 | 1.0 | 1.00 | 13.00 | 14.00 | OK | |
| r-release-macos-x86_64 | 1.0 | 2.00 | 19.00 | 21.00 | OK | |
| r-release-windows-x86_64 | 1.0 | 3.00 | 39.00 | 42.00 | OK | |
| r-oldrel-macos-arm64 | 1.0 | 1.00 | 12.00 | 13.00 | OK | |
| r-oldrel-macos-x86_64 | 1.0 | 1.00 | 16.00 | 17.00 | OK | |
| r-oldrel-windows-x86_64 | 1.0 | 2.00 | 32.00 | 34.00 | OK | 
Version: 1.0
Check: CRAN incoming feasibility
Result: NOTE
  Maintainer: ‘Nicholas Hamilton <n.hamilton@unsw.edu.au>’
  
  No Authors@R field in DESCRIPTION.
  Please add one, modifying
    Authors@R: person(given = "Nicholas",
                      family = "Hamilton",
                      role = c("aut", "cre"),
                      email = "n.hamilton@unsw.edu.au")
  as necessary.
Flavors: r-devel-linux-x86_64-debian-clang, r-devel-linux-x86_64-debian-gcc