Last updated on 2025-10-31 13:50:57 CET.
| Flavor | Version | Tinstall | Tcheck | Ttotal | Status | Flags | 
|---|---|---|---|---|---|---|
| r-devel-linux-x86_64-debian-clang | 1.1.0 | 10.49 | 382.94 | 393.43 | NOTE | |
| r-devel-linux-x86_64-debian-gcc | 1.1.0 | 7.14 | 259.11 | 266.25 | NOTE | |
| r-devel-linux-x86_64-fedora-clang | 1.1.0 | 22.00 | 596.50 | 618.50 | OK | |
| r-devel-linux-x86_64-fedora-gcc | 1.1.0 | 23.00 | 609.76 | 632.76 | OK | |
| r-devel-windows-x86_64 | 1.1.0 | 13.00 | 359.00 | 372.00 | NOTE | |
| r-patched-linux-x86_64 | 1.1.0 | 11.75 | 377.61 | 389.36 | NOTE | |
| r-release-linux-x86_64 | 1.1.0 | 10.40 | 382.34 | 392.74 | NOTE | |
| r-release-macos-arm64 | 1.1.0 | 5.00 | 176.00 | 181.00 | OK | |
| r-release-macos-x86_64 | 1.1.0 | 10.00 | 395.00 | 405.00 | OK | |
| r-release-windows-x86_64 | 1.1.0 | 12.00 | 360.00 | 372.00 | NOTE | |
| r-oldrel-macos-arm64 | 1.1.0 | 5.00 | 163.00 | 168.00 | OK | |
| r-oldrel-macos-x86_64 | 1.1.0 | 7.00 | 263.00 | 270.00 | OK | |
| r-oldrel-windows-x86_64 | 1.1.0 | 17.00 | 510.00 | 527.00 | OK | 
Version: 1.1.0
Check: Rd cross-references
Result: NOTE
  Found the following Rd file(s) with Rd \link{} targets missing package
  anchors:
    ordAOV.Rd: LRTSim, RLRTSim, RLRsim, exactLRT, exactRLRT
    ordGene.Rd: LRTSim, RLRTSim
    ordSmooth.Rd: gam, mgcv
  Please provide package anchors for all Rd \link{} targets not in the
  package itself and the base packages.
Flavors: r-devel-linux-x86_64-debian-clang, r-devel-linux-x86_64-debian-gcc, r-devel-windows-x86_64, r-patched-linux-x86_64, r-release-linux-x86_64, r-release-windows-x86_64