Last updated on 2025-10-31 13:50:57 CET.
| Flavor | Version | Tinstall | Tcheck | Ttotal | Status | Flags | 
|---|---|---|---|---|---|---|
| r-devel-linux-x86_64-debian-clang | 1.0.0 | 7.63 | 52.65 | 60.28 | NOTE | |
| r-devel-linux-x86_64-debian-gcc | 1.0.0 | 5.40 | 36.59 | 41.99 | NOTE | |
| r-devel-linux-x86_64-fedora-clang | 1.0.0 | 18.00 | 78.18 | 96.18 | OK | |
| r-devel-linux-x86_64-fedora-gcc | 1.0.0 | 19.00 | 74.42 | 93.42 | OK | |
| r-devel-windows-x86_64 | 1.0.0 | 10.00 | 61.00 | 71.00 | OK | |
| r-patched-linux-x86_64 | 1.0.0 | 8.41 | 48.62 | 57.03 | OK | |
| r-release-linux-x86_64 | 1.0.0 | 7.86 | 49.11 | 56.97 | OK | |
| r-release-macos-arm64 | 1.0.0 | 4.00 | 25.00 | 29.00 | OK | |
| r-release-macos-x86_64 | 1.0.0 | 7.00 | 42.00 | 49.00 | OK | |
| r-release-windows-x86_64 | 1.0.0 | 9.00 | 76.00 | 85.00 | OK | |
| r-oldrel-macos-arm64 | 1.0.0 | 3.00 | 21.00 | 24.00 | NOTE | |
| r-oldrel-macos-x86_64 | 1.0.0 | 5.00 | 32.00 | 37.00 | NOTE | |
| r-oldrel-windows-x86_64 | 1.0.0 | 12.00 | 75.00 | 87.00 | NOTE | 
Version: 1.0.0
Check: CRAN incoming feasibility
Result: NOTE
  Maintainer: ‘Emily V. Dressler <EmilyVDressler@gmail.com>’
  
  No Authors@R field in DESCRIPTION.
  Please add one, modifying
    Authors@R: c(person(given = c("Emily", "V."),
                        family = "Dressler",
                        role = c("aut", "cre"),
                        email = "emilyvdressler@gmail.com"),
                 person(given = c("PhD", "Zhengyan"),
                        family = "Huang",
                        role = "aut"))
  as necessary.
Flavors: r-devel-linux-x86_64-debian-clang, r-devel-linux-x86_64-debian-gcc
Version: 1.0.0
Check: LazyData
Result: NOTE
    'LazyData' is specified without a 'data' directory
Flavors: r-oldrel-macos-arm64, r-oldrel-macos-x86_64, r-oldrel-windows-x86_64