Last updated on 2025-10-31 13:50:57 CET.
| Flavor | Version | Tinstall | Tcheck | Ttotal | Status | Flags | 
|---|---|---|---|---|---|---|
| r-devel-linux-x86_64-debian-clang | 2.1-4 | 14.25 | 181.29 | 195.54 | OK | |
| r-devel-linux-x86_64-debian-gcc | 2.1-4 | 8.79 | 125.13 | 133.92 | OK | |
| r-devel-linux-x86_64-fedora-clang | 2.1-4 | 28.00 | 238.20 | 266.20 | ERROR | |
| r-devel-linux-x86_64-fedora-gcc | 2.1-4 | 26.00 | 241.84 | 267.84 | ERROR | |
| r-devel-windows-x86_64 | 2.1-4 | 14.00 | 176.00 | 190.00 | OK | |
| r-patched-linux-x86_64 | 2.1-4 | 11.99 | 165.69 | 177.68 | OK | |
| r-release-linux-x86_64 | 2.1-4 | 11.06 | 168.57 | 179.63 | OK | |
| r-release-macos-arm64 | 2.1-4 | 5.00 | 69.00 | 74.00 | OK | |
| r-release-macos-x86_64 | 2.1-4 | 11.00 | 137.00 | 148.00 | OK | |
| r-release-windows-x86_64 | 2.1-4 | 15.00 | 177.00 | 192.00 | OK | |
| r-oldrel-macos-arm64 | 2.1-4 | 5.00 | 72.00 | 77.00 | OK | |
| r-oldrel-macos-x86_64 | 2.1-4 | 10.00 | 152.00 | 162.00 | OK | |
| r-oldrel-windows-x86_64 | 2.1-4 | 19.00 | 222.00 | 241.00 | OK | 
Version: 2.1-4
Check: re-building of vignette outputs
Result: ERROR
  Error(s) in re-building vignettes:
  --- re-building ‘h-block-crossvalidation.Rmd’ using rmarkdown
  # A tibble: 1 × 1
     RMSE
    <dbl>
  1  1.28
  # A tibble: 1 × 1
        h
    <dbl>
  1   600
  # A tibble: 1 × 1
        h
    <dbl>
  1   600
  [WARNING] Deprecated: --highlight-style. Use --syntax-highlighting instead.
  --- finished re-building ‘h-block-crossvalidation.Rmd’
  
  Warning: elapsed-time limit of 1 hours reached for sub-process
  --- re-building ‘randomTF-spatial.Rmd’ using rmarkdown
  OMP: Warning #96: Cannot form a team with 24 threads, using 2 instead.
  OMP: Hint Consider unsetting KMP_DEVICE_THREAD_LIMIT (KMP_ALL_THREADS), KMP_TEAMS_THREAD_LIMIT, and OMP_THREAD_LIMIT (if any are set).
  SUMMARY: processing the following file failed:
    ‘randomTF-spatial.Rmd’
  
  Error: Vignette re-building failed.
  Execution halted
Flavor: r-devel-linux-x86_64-fedora-clang
Version: 2.1-4
Check: re-building of vignette outputs
Result: ERROR
  Error(s) in re-building vignettes:
  --- re-building ‘h-block-crossvalidation.Rmd’ using rmarkdown
  # A tibble: 1 × 1
     RMSE
    <dbl>
  1  1.28
  # A tibble: 1 × 1
        h
    <dbl>
  1   600
  # A tibble: 1 × 1
        h
    <dbl>
  1   600
  [WARNING] Deprecated: --highlight-style. Use --syntax-highlighting instead.
  --- finished re-building ‘h-block-crossvalidation.Rmd’
  
  Warning: elapsed-time limit of 1 hours reached for sub-process
  --- re-building ‘randomTF-spatial.Rmd’ using rmarkdown
  SUMMARY: processing the following file failed:
    ‘randomTF-spatial.Rmd’
  
  Error: Vignette re-building failed.
  Execution halted
Flavor: r-devel-linux-x86_64-fedora-gcc