Last updated on 2025-10-31 13:50:57 CET.
| Flavor | Version | Tinstall | Tcheck | Ttotal | Status | Flags | 
|---|---|---|---|---|---|---|
| r-devel-linux-x86_64-debian-clang | 1.2.13 | 16.73 | 156.49 | 173.22 | OK | |
| r-devel-linux-x86_64-debian-gcc | 1.2.13 | 10.71 | 105.24 | 115.95 | OK | |
| r-devel-linux-x86_64-fedora-clang | 1.2.13 | 33.00 | 209.10 | 242.10 | OK | |
| r-devel-linux-x86_64-fedora-gcc | 1.2.13 | 29.00 | 200.95 | 229.95 | OK | |
| r-devel-windows-x86_64 | 1.2.13 | 16.00 | 153.00 | 169.00 | OK | |
| r-patched-linux-x86_64 | 1.2.13 | 12.89 | 138.23 | 151.12 | OK | |
| r-release-linux-x86_64 | 1.2.13 | 14.66 | 135.61 | 150.27 | OK | |
| r-release-macos-arm64 | 1.2.13 | 6.00 | 63.00 | 69.00 | OK | |
| r-release-macos-x86_64 | 1.2.13 | 12.00 | 116.00 | 128.00 | OK | |
| r-release-windows-x86_64 | 1.2.13 | 15.00 | 152.00 | 167.00 | OK | |
| r-oldrel-macos-arm64 | 1.2.13 | 6.00 | 58.00 | 64.00 | NOTE | |
| r-oldrel-macos-x86_64 | 1.2.13 | 9.00 | 80.00 | 89.00 | NOTE | |
| r-oldrel-windows-x86_64 | 1.2.13 | 21.00 | 201.00 | 222.00 | NOTE | 
Version: 1.2.13
Check: LazyData
Result: NOTE
    'LazyData' is specified without a 'data' directory
Flavors: r-oldrel-macos-arm64, r-oldrel-macos-x86_64, r-oldrel-windows-x86_64