Last updated on 2025-11-27 13:48:43 CET.
| Flavor | Version | Tinstall | Tcheck | Ttotal | Status | Flags |
|---|---|---|---|---|---|---|
| r-devel-linux-x86_64-debian-clang | 1.5.1 | 3.05 | 53.35 | 56.40 | OK | |
| r-devel-linux-x86_64-debian-gcc | 1.5.1 | 2.17 | 42.74 | 44.91 | OK | |
| r-devel-linux-x86_64-fedora-clang | 1.5.1 | 76.81 | OK | |||
| r-devel-linux-x86_64-fedora-gcc | 1.5.1 | 76.33 | OK | |||
| r-devel-windows-x86_64 | 1.5.1 | 8.00 | 76.00 | 84.00 | OK | |
| r-patched-linux-x86_64 | 1.5.1 | 3.41 | 49.18 | 52.59 | OK | |
| r-release-linux-x86_64 | 1.5.1 | 2.96 | 48.87 | 51.83 | OK | |
| r-release-macos-arm64 | 1.5.1 | OK | ||||
| r-release-macos-x86_64 | 1.5.1 | 4.00 | 57.00 | 61.00 | OK | |
| r-release-windows-x86_64 | 1.5.1 | 5.00 | 75.00 | 80.00 | OK | |
| r-oldrel-macos-arm64 | 1.5.1 | NOTE | ||||
| r-oldrel-macos-x86_64 | 1.5.1 | 2.00 | 45.00 | 47.00 | NOTE | |
| r-oldrel-windows-x86_64 | 1.5.1 | 5.00 | 91.00 | 96.00 | OK |
Version: 1.5.1
Check: package dependencies
Result: NOTE
Package suggested but not available for checking: ‘Rmpi’
Flavors: r-oldrel-macos-arm64, r-oldrel-macos-x86_64