Last updated on 2025-11-28 00:50:00 CET.
| Flavor | Version | Tinstall | Tcheck | Ttotal | Status | Flags |
|---|---|---|---|---|---|---|
| r-devel-linux-x86_64-debian-clang | 1.0.5 | 2.66 | 27.00 | 29.66 | NOTE | |
| r-devel-linux-x86_64-debian-gcc | 1.0.5 | 1.96 | 21.68 | 23.64 | NOTE | |
| r-devel-linux-x86_64-fedora-clang | 1.0.5 | 43.89 | OK | |||
| r-devel-linux-x86_64-fedora-gcc | 1.0.5 | 40.63 | OK | |||
| r-devel-windows-x86_64 | 1.0.5 | 5.00 | 44.00 | 49.00 | OK | |
| r-patched-linux-x86_64 | 1.0.5 | 2.54 | 25.83 | 28.37 | OK | |
| r-release-linux-x86_64 | 1.0.5 | 2.31 | 25.31 | 27.62 | OK | |
| r-release-macos-arm64 | 1.0.5 | OK | ||||
| r-release-macos-x86_64 | 1.0.5 | 2.00 | 26.00 | 28.00 | OK | |
| r-release-windows-x86_64 | 1.0.5 | 4.00 | 54.00 | 58.00 | OK | |
| r-oldrel-macos-arm64 | 1.0.5 | OK | ||||
| r-oldrel-macos-x86_64 | 1.0.5 | 2.00 | 23.00 | 25.00 | OK | |
| r-oldrel-windows-x86_64 | 1.0.5 | 3.00 | 50.00 | 53.00 | OK |
Version: 1.0.5
Check: CRAN incoming feasibility
Result: NOTE
Maintainer: ‘Steven Andrew Culpepper <sculpepp@illinois.edu>’
Package CITATION file contains call(s) to old-style personList() or
as.personList(). Please use c() on person objects instead.
Package CITATION file contains call(s) to old-style citEntry(). Please
use bibentry() instead.
Flavors: r-devel-linux-x86_64-debian-clang, r-devel-linux-x86_64-debian-gcc